{"id":3364,"date":"2014-12-23T17:35:59","date_gmt":"2014-12-23T19:35:59","guid":{"rendered":"https:\/\/mblbalancas.com.br\/site\/?post_type=product&#038;p=3364"},"modified":"2015-01-19T17:55:12","modified_gmt":"2015-01-19T19:55:12","slug":"balanca-toledo-prix5","status":"publish","type":"product","link":"https:\/\/mblbalancas.com.br\/site\/produto\/balanca-toledo-prix5\/","title":{"rendered":"Balan\u00e7a Toledo Prix 5 Plus"},"content":{"rendered":"<h3><strong>Cadastro Inteligente para at\u00e9 5.500 itens<\/strong><\/h3>\n<p>Permite que a mem\u00f3ria da Prix 5 Plus seja compartilhada com todos os campos de cadastro, oferecendo alt\u00edssima flexibilidade para o atendimento das necessidades de todos os tipos de estabelecimentos do mercado varejista, desde os de pequeno porte at\u00e9 hipermercados.<\/p>\n<p>Todos os itens poder\u00e3o ser codificados e precificados com at\u00e9 6 d\u00edgitos, al\u00e9m da data e hora da embalagem, validade de 0 a 990 dias e lote de at\u00e9 12 caracteres alfanum\u00e9ricos para eventual controle de rastreabilidade.<\/p>\n<table class=\"padrao\" border=\"0\" summary=\"Capacidade de cadastros\" cellspacing=\"0\" cellpadding=\"0\">\n<tbody>\n<tr>\n<th class=\"tabLinhaAzul01\" rowspan=\"2\">Itens<\/th>\n<td class=\"tabLinhaVerde01 lastc\">5.500 itens com descritivo de 1 linha(25 caracteres)<\/td>\n<\/tr>\n<tr>\n<td class=\"tabLinhaVerde01 lastc firstc\">4.200 itens com descritivo de 2 linhas(50 caracteres)<\/td>\n<\/tr>\n<tr>\n<th class=\"tabLinhaAzul02\">Receita (texto extra)<\/th>\n<td class=\"tabLinhaVerde02 lastc\">at\u00e9 5.500 receitas<\/td>\n<\/tr>\n<tr>\n<th class=\"tabLinhaAzul01\">Linhas de receita<\/th>\n<td class=\"tabLinhaVerde01 lastc\">de 1 a 15 linhas (56 caracteres cada linha)<\/td>\n<\/tr>\n<tr>\n<th class=\"tabLinhaAzul02\">Informa\u00e7\u00e3o Nutricional<\/th>\n<td class=\"tabLinhaVerde02 lastc\">at\u00e9 5.500 tabelas<\/td>\n<\/tr>\n<\/tbody>\n<\/table>\n<p>A Prix 5 Plus tamb\u00e9m prev\u00ea campos exclusivos para a forma\u00e7\u00e3o de cadastro de fornecedores, fracionadores, informa\u00e7\u00f5es de conserva\u00e7\u00e3o e mais 2 campos extras para uso geral.<\/p>\n<table class=\"padrao\" border=\"0\" summary=\"Campos exclusivos\" cellspacing=\"0\" cellpadding=\"0\">\n<tbody>\n<tr>\n<th class=\"tabLinhaAzul01\">Fornecedor<\/th>\n<td class=\"tabLinhaVerde01 lastc\">5 linhas (56 caracteres por linha)<\/td>\n<\/tr>\n<tr>\n<th class=\"tabLinhaAzul02\">Fracionador<\/th>\n<td class=\"tabLinhaVerde02 lastc\">3 linhas (56 caracteres por linha)<\/td>\n<\/tr>\n<tr>\n<th class=\"tabLinhaAzul01\">Conserva\u00e7\u00e3o<\/th>\n<td class=\"tabLinhaVerde01 lastc\">3 linhas (56 caracteres por linha)<\/td>\n<\/tr>\n<tr>\n<th class=\"tabLinhaAzul02\">Campo Extra 1<\/th>\n<td class=\"tabLinhaVerde02 lastc\">3 linhas (56 caracteres por linha)<\/td>\n<\/tr>\n<tr>\n<th class=\"tabLinhaAzul01\">Campo Extra 2<\/th>\n<td class=\"tabLinhaVerde01 lastc\">3 linhas (56 caracteres por linha)<\/td>\n<\/tr>\n<\/tbody>\n<\/table>\n<h3><\/h3>\n<h3><strong>Etiquetas<\/strong><\/h3>\n<p><img loading=\"lazy\" decoding=\"async\" class=\"\" src=\"https:\/\/www.toledobrasil.com.br\/app\/webroot\/img\/upload\/tiket_1prix5.png\" alt=\"\" width=\"620\" height=\"262\" \/><\/p>\n<p><img loading=\"lazy\" decoding=\"async\" class=\"\" src=\"https:\/\/www.toledobrasil.com.br\/app\/webroot\/img\/upload\/tiket_2prix5.png\" alt=\"\" width=\"596\" height=\"194\" \/><\/p>\n<p><img loading=\"lazy\" decoding=\"async\" class=\"\" src=\"https:\/\/www.toledobrasil.com.br\/app\/webroot\/img\/upload\/tiket_3prix5.png\" alt=\"\" width=\"598\" height=\"376\" \/><\/p>\n<h3><\/h3>\n<h3><strong>Especifica\u00e7\u00f5es T\u00e9cnicas<\/strong><\/h3>\n<table class=\"padrao\" border=\"0\" summary=\"&lt;?= $produto['nome'] ?&gt; - Tabela de Especifica\u00e7\u00f5es T\u00e9cnicas\" cellspacing=\"0\" cellpadding=\"0\">\n<tbody>\n<tr>\n<th class=\"tabLinhaAzul00 linhaVerde\" colspan=\"3\" align=\"center\">Especifica\u00e7\u00f5es T\u00e9cnicas<\/th>\n<\/tr>\n<tr>\n<th class=\"tabLinhaAzul01\" rowspan=\"3\">Capacidade de pesagem<\/th>\n<td class=\"tabLinhaVerde01\" rowspan=\"3\">30 Kg<\/td>\n<td class=\"tabLinhaVerde01 lastc\">0 a 6,000 = divis\u00e3o de 2 g<\/td>\n<\/tr>\n<tr>\n<td class=\"tabLinhaVerde02 lastc firstc\">6,005 a 15 Kg= divis\u00e3o de 5 g<\/td>\n<\/tr>\n<tr>\n<td class=\"tabLinhaVerde01 lastc firstc\">15,010 a 30 Kg= divis\u00e3o de 10 g<\/td>\n<\/tr>\n<tr>\n<th class=\"tabLinhaAzul02\">Classe de exatid\u00e3o<\/th>\n<td class=\"tabLinhaVerde02\">III<\/td>\n<td class=\"tabLinhaVerde02 lastc\">Homologada pelo INMETRO, conforme portaria 236\/94<\/td>\n<\/tr>\n<tr>\n<th class=\"tabLinhaAzul01\">Capacidade de tara<\/th>\n<td class=\"tabLinhaVerde01\">&#8211;<\/td>\n<td class=\"tabLinhaVerde01 lastc\">9,995 Kg<\/td>\n<\/tr>\n<tr>\n<th class=\"tabLinhaAzul02\">Display<\/th>\n<td class=\"tabLinhaVerde02\">V\u00e1cuo fluorescente<\/td>\n<td class=\"tabLinhaVerde02 lastc\">2 linhas de 20 d\u00edgitos cada com 6 mm (L) x 11,5 mm (A)<\/td>\n<\/tr>\n<tr>\n<th class=\"tabLinhaAzul01\">Alimenta\u00e7\u00e3o el\u00e9trica<\/th>\n<td class=\"tabLinhaVerde01\">Multivoltagem<\/td>\n<td class=\"tabLinhaVerde01 lastc\">De 93,5 a 264,0 Vca (47 a 63 Hz) automaticamente<\/td>\n<\/tr>\n<tr>\n<th class=\"tabLinhaAzul02\">Consumo<\/th>\n<td class=\"tabLinhaVerde02\">Balan\u00e7a\/Impressora<\/td>\n<td class=\"tabLinhaVerde02 lastc\">11 a 50 W durante a impress\u00e3o<\/td>\n<\/tr>\n<tr>\n<th class=\"tabLinhaAzul01\">Backup de bateria<\/th>\n<td class=\"tabLinhaVerde01\">N\u00edquel-C\u00e1dmio<\/td>\n<td class=\"tabLinhaVerde01 lastc\">Ret\u00e9m as informa\u00e7\u00f5es cadastradas e o rel\u00f3gio por 6 meses<\/td>\n<\/tr>\n<tr>\n<th class=\"tabLinhaAzul02\">Cabe\u00e7a t\u00e9rmica<\/th>\n<td class=\"tabLinhaVerde02\">Resolu\u00e7\u00e3o<\/td>\n<td class=\"tabLinhaVerde02 lastc\">8 pontos de impress\u00e3o por mil\u00edmetro<\/td>\n<\/tr>\n<tr>\n<th class=\"tabLinhaAzul01\" rowspan=\"3\">Constru\u00e7\u00e3o f\u00edsica<\/th>\n<td class=\"tabLinhaVerde01\">Base<\/td>\n<td class=\"tabLinhaVerde01 lastc\">Alum\u00ednio pintado na cor azul ou preta<\/td>\n<\/tr>\n<tr>\n<td class=\"tabLinhaVerde02 firstc\">Gabinete<\/td>\n<td class=\"tabLinhaVerde02 lastc\">Pl\u00e1stico tipo ABS polido na cor branca ou preta<\/td>\n<\/tr>\n<tr>\n<td class=\"tabLinhaVerde01 firstc\">Prato de pesagem<\/td>\n<td class=\"tabLinhaVerde01 lastc\">A\u00e7o inoxid\u00e1vel AISI 430<\/td>\n<\/tr>\n<tr>\n<th class=\"tabLinhaAzul02\" rowspan=\"3\">Dimens\u00f5es<\/th>\n<td class=\"tabLinhaVerde02\">Balan\u00e7a<\/td>\n<td class=\"tabLinhaVerde02 lastc\">438 mm (L) x 183 mm (A) x 450 mm (P)<\/td>\n<\/tr>\n<tr>\n<td class=\"tabLinhaVerde01 firstc\">Prato de pesagem<\/td>\n<td class=\"tabLinhaVerde01 lastc\">437 mm (L) x 15 mm (A) x 270 mm (P)<\/td>\n<\/tr>\n<tr>\n<td class=\"tabLinhaVerde02 firstc\">Coluna<\/td>\n<td class=\"tabLinhaVerde02 lastc\">466 mm (A) em rela\u00e7\u00e3o a superf\u00edcie de balan\u00e7a<\/td>\n<\/tr>\n<tr>\n<th class=\"tabLinhaAzul01\" rowspan=\"2\">Temperatura<\/th>\n<td class=\"tabLinhaVerde01\">De opera\u00e7\u00e3o<\/td>\n<td class=\"tabLinhaVerde01 lastc\">&#8211; 10 a 40\u00ba C, com umidade entre 10 a 95% sem condensa\u00e7\u00e3o<\/td>\n<\/tr>\n<tr>\n<td class=\"tabLinhaVerde02 firstc\">De armazenagem<\/td>\n<td class=\"tabLinhaVerde02 lastc\">0 a 70\u00ba C, com umidade entre 10 a 95% sem condensa\u00e7\u00e3o<\/td>\n<\/tr>\n<\/tbody>\n<\/table>\n<h3><\/h3>\n<h3><strong>Recursos gr\u00e1ficos<\/strong><\/h3>\n<p>Complementam a identifica\u00e7\u00e3o dos itens e permitem personalizar as etiquetas impressas com a logomarca ou nome do estabelecimento.<br \/>\nPrev\u00ea 3 tipos de imagens: Imagens de item para associa\u00e7\u00e3o direta, Imagens de cabe\u00e7alho e de rodap\u00e9;<\/p>\n<table class=\"padrao width=\" border=\"0\" cellspacing=\"0\" cellpadding=\"0\">\n<tbody>\n<tr>\n<td class=\"firstc\" rowspan=\"2\"><\/td>\n<td class=\"tabLinhaVerde01 lastc\">\n<h4>Cadastro local e\/ou via rede<\/h4>\n<\/td>\n<\/tr>\n<tr>\n<td class=\"tabLinhaVerde02 lastc firstc\">\n<p class=\"lastc firstc\">Com a Prix 5 Plus voc\u00ea poder\u00e1 cadastrar produtos na pr\u00f3pria balan\u00e7a ou via computador quando ligada em rede, aten-dendo \u00e0s necessidades de es-tabelecimentos que comerciali-zam uma quantidade maior de itens ou que necessitam de um gerenciamento mais apurado das transa\u00e7\u00f5es efetuadas pelas balan\u00e7as.<\/p>\n<\/td>\n<\/tr>\n<tr>\n<td class=\"firstc\" rowspan=\"2\"><\/td>\n<td class=\"tabLinhaVerde01 lastc\">\n<h4>At\u00e9 30kg com tripla faixa de pesagem<\/h4>\n<\/td>\n<\/tr>\n<tr>\n<td class=\"tabLinhaVerde02 lastc firstc\">\n<p class=\"lastc firstc\">Sistema de pesagem com divis\u00f5es multiplas permite que a mesma balan\u00e7a atenda tanto \u00e0 venda de produtos de alto valor em pequenas quantidades, como de produtos de baixo valor em grandes quantidades, conforme sua necessidade.<\/p>\n<\/td>\n<\/tr>\n<tr>\n<td class=\"firstc\" rowspan=\"2\"><\/td>\n<td class=\"tabLinhaVerde01 lastc\">\n<h4>60 teclas r\u00e1pidas e acesso a at\u00e9 180 itens<\/h4>\n<\/td>\n<\/tr>\n<tr>\n<td class=\"tabLinhaVerde02 lastc firstc\">\n<p class=\"firstc\">Permite acessar rapidamente os itens mais vendidos por teclas personalizadas, identificadas por imagens ou textos, dispen-sando a digita\u00e7\u00e3o do c\u00f3digo.<\/p>\n<p class=\"lastc\">Permite conjugar at\u00e9 3 itens em uma mesma tecla.<\/p>\n<\/td>\n<\/tr>\n<tr>\n<td class=\"firstc\" rowspan=\"2\"><\/td>\n<td class=\"tabLinhaVerde01 lastc\">\n<h4>Venda direta e pr\u00e9-embalagem na mesma balan\u00e7a<\/h4>\n<\/td>\n<\/tr>\n<tr>\n<td class=\"tabLinhaVerde02 lastc firstc\">\n<p class=\"lastc firstc\">Reconhece tamanhos de eti-quetas automaticamente. Uma \u00fanica Prix 5 Plus pode trabalhar tanto na venda direta como na pr\u00e9-embalagem de itens sem que haja necessidade de qual-quer configura\u00e7\u00e3o adicional. Basta equip\u00e1-la com a etiqueta desejada para que a identifica-\u00e7\u00e3o seja feita automaticamente.<\/p>\n<\/td>\n<\/tr>\n<tr>\n<td class=\"firstc\" rowspan=\"2\"><\/td>\n<td class=\"tabLinhaVerde01 lastc\">\n<h4>Venda por peso ou por unidade<\/h4>\n<\/td>\n<\/tr>\n<tr>\n<td class=\"tabLinhaVerde02 lastc firstc\">\n<p class=\"lastc firstc\">Mediante cadastro pr\u00e9vio, permite comercializar itens por peso ou por unidade. Na venda por unidade, \u00e9 poss\u00edvel definir previamente a quantidade de etiquetas a serem impressas, agilizando a precifica\u00e7\u00e3o de lotes de itens.<\/p>\n<\/td>\n<\/tr>\n<tr>\n<td class=\"firstc\" rowspan=\"2\"><\/td>\n<td class=\"tabLinhaVerde01 lastc\">\n<h4>Venda de drenados<\/h4>\n<\/td>\n<\/tr>\n<tr>\n<td class=\"tabLinhaVerde02 lastc firstc\">\n<p class=\"lastc firstc\">Conforme Portaria INMETRO n\u00b0 157, de 19 de agosto de 2002, como \u00e9 o caso das azeitonas, picles, entre outros, \u00e9 poss\u00edvel descontar a embalagem e qualquer l\u00edquido ou solu\u00e7\u00e3o conservante do peso do produto para declara\u00e7\u00e3o na rotulagem como conte\u00fado l\u00edquido.<\/p>\n<\/td>\n<\/tr>\n<tr>\n<td class=\"firstc\" rowspan=\"2\"><\/td>\n<td class=\"tabLinhaVerde01 lastc\">\n<h4>Venda de glaciados<\/h4>\n<\/td>\n<\/tr>\n<tr>\n<td class=\"tabLinhaVerde02 lastc firstc\">\n<p class=\"lastc firstc\">Fornece a quantidade de glacia-mento e o peso l\u00edquido do item, ou seja, descontando o peso do gelo, estar\u00e1 presente a quan-tidade exata de peixe que est\u00e1 sendo comercializada e seu real valor. Atende completamente \u00e0 Norma T\u00e9cnica N\u00b0 19\/2009 do Minist\u00e9rio da Justi\u00e7a.<\/p>\n<\/td>\n<\/tr>\n<tr>\n<td class=\"firstc\" rowspan=\"2\"><\/td>\n<td class=\"tabLinhaVerde01 lastc\">\n<h4>Recurso de tara predeterminada<\/h4>\n<\/td>\n<\/tr>\n<tr>\n<td class=\"tabLinhaVerde02 lastc firstc\">\n<p class=\"lastc firstc\">Permite que at\u00e9 100 valores de tara (peso da embalagem) utilizados pela sua loja, sejam predeterminados e associados diretamente a cada um dos 5.500 itens cadastrados na Prix 5 Plus.<\/p>\n<\/td>\n<\/tr>\n<tr>\n<td class=\"firstc\" rowspan=\"2\"><\/td>\n<td class=\"tabLinhaVerde01 lastc\">\n<h4>Acumulador de vendas (geral e por item)<\/h4>\n<\/td>\n<\/tr>\n<tr>\n<td class=\"tabLinhaVerde02 lastc firstc\">\n<p class=\"lastc firstc\">A Prix 5 Plus oferece informa\u00e7\u00f5es detalhadas do peso, quanti-dade, pre\u00e7o e n\u00famero de transa\u00e7\u00f5es efetuadas por item ou geral (todos os itens), de forma simples e r\u00e1pida, dando seguran\u00e7a e praticidade ao seu neg\u00f3cio<\/p>\n<\/td>\n<\/tr>\n<tr>\n<td class=\"firstc\" rowspan=\"2\"><\/td>\n<td class=\"tabLinhaVerde01 lastc\">\n<h4>Controle de vendas por operador<\/h4>\n<\/td>\n<\/tr>\n<tr>\n<td class=\"tabLinhaVerde02 lastc firstc\">\n<p class=\"lastc firstc\">Permite cadastrar diretamente na balan\u00e7a at\u00e9 500 operadores, promovendo total controle e registro das transa\u00e7\u00f5es, peso, quantidade e valor das vendas acumulada por operador.<\/p>\n<\/td>\n<\/tr>\n<tr>\n<td class=\"firstc\" rowspan=\"2\"><\/td>\n<td class=\"tabLinhaVerde01 lastc\">\n<h4>Qualidade Toledo<\/h4>\n<\/td>\n<\/tr>\n<tr>\n<td class=\"tabLinhaVerde02 lastc firstc\">\n<p class=\"firstc\">A Prix 5 Plus \u00e9 fabricada e tes-tada dentro dos mais rigorosos padr\u00f5es internacionais de quali-dade ISO 9001:2008.<\/p>\n<p class=\"lastc\">Est\u00e1 projetada para a m\u00e1xima confiabilidade e durabilidade quando usada em condi\u00e7\u00f5es de trabalho mais exigentes al\u00e9m de garantia assegurada pela Assist\u00eancia T\u00e9cnica e Oficinas T\u00e9cnicas Autorizadas Toledo em todo o Brasil.<\/p>\n<\/td>\n<\/tr>\n<\/tbody>\n<\/table>\n<h3><\/h3>\n<h3><strong>Comunica\u00e7\u00e3o de rede totalmente flex\u00edvel<\/strong><\/h3>\n<table class=\"padrao width=\" border=\"0\" cellspacing=\"0\" cellpadding=\"0\">\n<tbody>\n<tr>\n<td class=\"firstc\" rowspan=\"2\"><\/td>\n<td class=\"tabLinhaVerde01 lastc\">\n<h4>Comunica\u00e7\u00e3o totalmente flex\u00edvel<\/h4>\n<\/td>\n<\/tr>\n<tr>\n<td class=\"tabLinhaVerde02 lastc firstc\">\n<p class=\"firstc\">Atende \u00e0 necessidade de cada loja, independentemente do seu layout f\u00edsico. Utilize o MGV* &#8211; M\u00f3dulo Gerenciador de Vendas Toledo para facilitar a manuten\u00e7\u00e3o do cadastro de itens e o gerenciamento de transa\u00e7\u00f5es, assim como para a completa integra\u00e7\u00e3o com outros programas de gerenciamento de sua loja.<\/p>\n<p class=\"lastc\">*para detalhes do MGV, consulte o seu cat\u00e1logo ou um de nossos respons\u00e1veis por Solu\u00e7\u00f5es Comerciais.<\/p>\n<\/td>\n<\/tr>\n<tr>\n<td class=\"firstc\" rowspan=\"2\"><\/td>\n<td class=\"tabLinhaVerde01 lastc\">\n<h4>Rede Cabo \u2013 Padr\u00e3o RS-485<\/h4>\n<\/td>\n<\/tr>\n<tr>\n<td class=\"tabLinhaVerde02 lastc firstc\">\n<p class=\"lastc firstc\">Utiliza apenas um par de fios, fazendo uso de um protocolo de comunica\u00e7\u00e3o propriet\u00e1rio, para interligar uma rede de at\u00e9 30 balan\u00e7as \u00e0 dist\u00e2ncia de at\u00e9 1.200 metros do computador que aloja o MGV, atendendo ao layout e \u00e0s necessidades de qualquer estabelecimento.<\/p>\n<\/td>\n<\/tr>\n<tr>\n<td class=\"firstc\" rowspan=\"2\"><\/td>\n<td class=\"tabLinhaVerde01 lastc\">\n<h4>Rede Cabo \u2013 Padr\u00e3o Ethernet<\/h4>\n<\/td>\n<\/tr>\n<tr>\n<td class=\"tabLinhaVerde02 lastc firstc\">\n<p class=\"lastc firstc\">Oferece ganhos de custo em rela\u00e7\u00e3o \u00e0s redes propriet\u00e1rias por compartilhar a mesma infra-estrutura da rede existente na loja. Menos tempo para a instala\u00e7\u00e3o e grande facilidade na solu\u00e7\u00e3o de eventuais problemas de rede por utilizar as pr\u00f3prias ferramentas do sistema operacional em uso<\/p>\n<\/td>\n<\/tr>\n<tr>\n<td class=\"firstc\" rowspan=\"2\"><\/td>\n<td class=\"tabLinhaVerde01 lastc\">\n<h4>Rede Wireless \u2013 Padr\u00e3o Ethernet<\/h4>\n<\/td>\n<\/tr>\n<tr>\n<td class=\"tabLinhaVerde02 lastc firstc\">\n<p class=\"lastc firstc\">Proporciona maior mobilidade das balan\u00e7as dentro da loja e menor congestionamento no local da instala\u00e7\u00e3o, em virtude da elimina\u00e7\u00e3o dos cabos e condu\u00edtes. Maior seguran\u00e7a e velocidade de comunica-\u00e7\u00e3o. Compat\u00edvel com dispositivos 802.11b\/g, prev\u00ea autentica\u00e7\u00e3o WEP e WPA-PSK ou WPA2-PSK AES<\/p>\n<\/td>\n<\/tr>\n<\/tbody>\n<\/table>\n","protected":false},"excerpt":{"rendered":"<p>Cadastro Inteligente para at\u00e9 5.500 itens Permite que a mem\u00f3ria da Prix 5 Plus seja compartilhada com todos os campos de cadastro, oferecendo alt\u00edssima flexibilidade para<span class=\"excerpt-hellip\"> [\u2026]<\/span><\/p>\n","protected":false},"featured_media":3365,"comment_status":"open","ping_status":"closed","template":"","meta":{"_joinchat":[]},"product_brand":[],"product_cat":[62,47,48,67],"product_tag":[],"class_list":{"0":"post-3364","1":"product","2":"type-product","3":"status-publish","4":"has-post-thumbnail","6":"product_cat-classes-de-produtos","7":"product_cat-marcas","8":"product_cat-toledo-do-brasil","9":"product_cat-balancas-para-o-varejo-e-o-atacado","10":"pa_capacidade-10kg-a-15kg","11":"pa_capacidade-25kg-a-30kg","13":"first","14":"instock","15":"shipping-taxable","16":"product-type-simple"},"_links":{"self":[{"href":"https:\/\/mblbalancas.com.br\/site\/wp-json\/wp\/v2\/product\/3364","targetHints":{"allow":["GET"]}}],"collection":[{"href":"https:\/\/mblbalancas.com.br\/site\/wp-json\/wp\/v2\/product"}],"about":[{"href":"https:\/\/mblbalancas.com.br\/site\/wp-json\/wp\/v2\/types\/product"}],"replies":[{"embeddable":true,"href":"https:\/\/mblbalancas.com.br\/site\/wp-json\/wp\/v2\/comments?post=3364"}],"wp:featuredmedia":[{"embeddable":true,"href":"https:\/\/mblbalancas.com.br\/site\/wp-json\/wp\/v2\/media\/3365"}],"wp:attachment":[{"href":"https:\/\/mblbalancas.com.br\/site\/wp-json\/wp\/v2\/media?parent=3364"}],"wp:term":[{"taxonomy":"product_brand","embeddable":true,"href":"https:\/\/mblbalancas.com.br\/site\/wp-json\/wp\/v2\/product_brand?post=3364"},{"taxonomy":"product_cat","embeddable":true,"href":"https:\/\/mblbalancas.com.br\/site\/wp-json\/wp\/v2\/product_cat?post=3364"},{"taxonomy":"product_tag","embeddable":true,"href":"https:\/\/mblbalancas.com.br\/site\/wp-json\/wp\/v2\/product_tag?post=3364"}],"curies":[{"name":"wp","href":"https:\/\/api.w.org\/{rel}","templated":true}]}}