{"id":3372,"date":"2015-01-07T17:03:44","date_gmt":"2015-01-07T19:03:44","guid":{"rendered":"https:\/\/mblbalancas.com.br\/site\/?post_type=product&#038;p=3372"},"modified":"2015-01-07T17:03:44","modified_gmt":"2015-01-07T19:03:44","slug":"balanca-toledo-2090-inox","status":"publish","type":"product","link":"https:\/\/mblbalancas.com.br\/site\/produto\/balanca-toledo-2090-inox\/","title":{"rendered":"Balan\u00e7a Toledo 2090 Inox"},"content":{"rendered":"<p>A Balan\u00e7a 2090 de Bancada Toledo, al\u00e9m de atender \u00e0s suas necessidades de pesagem e contagem, possui diversos fatores que a diferencia das demais existentes no mercado.<\/p>\n<article>\n<h3>Caracter\u00edsticas e benef\u00edcios<\/h3>\n<h4>Funcionais<\/h4>\n<ul class=\"listaGeral\">\n<ul class=\"listaGeral\">\n<li>Utiliza\u00e7\u00e3o de c\u00e9lula de carga insens\u00edvel a momento; elimina a necessidade de barras de flex\u00e3o, tirantes ou parachoques.<\/li>\n<li>A estrutura da balan\u00e7a foi projetada e otimizada com tecnologia computadorizada, suportando carregamentos at\u00e9 20% acima da carga m\u00e1xima da balan\u00e7a.<\/li>\n<li>Oito limitadores de sobrecarga protegem a c\u00e9lula de carga contra danos decorrentes de impactos acidentais.<\/li>\n<li>P\u00e9s regul\u00e1veis e antiderrapantes mant\u00eam a balan\u00e7a nivelada, firme e segura.<\/li>\n<li>Pode ser utilizada como pesadora, verificadora, classificadora ou contadora, oferecendo mais versatilidade de aplica\u00e7\u00e3o.<\/li>\n<\/ul>\n<\/ul>\n<h4>Vantagens<\/h4>\n<ul class=\"listaGeral\">\n<ul class=\"listaGeral\">\n<li>Confiabilidade &#8211; excede os padr\u00f5es metrol\u00f3gicos em vigor.<\/li>\n<li>Pesagens e contagens r\u00e1pidas.<\/li>\n<li>F\u00e1cil leitura, sem erros de interpreta\u00e7\u00e3o. D\u00edgitos de \u00f3tima visualiza\u00e7\u00e3o.<\/li>\n<li>Maior durabilidade, sem pe\u00e7as m\u00f3veis sujeitas a desgaste.<\/li>\n<li>Manuten\u00e7\u00e3o reduzida e facilidade de transporte: a balan\u00e7a \u00e9 compacta e leve.<\/li>\n<li>Possibilidade de interliga\u00e7\u00e3o a sistemas automatizados, etiquetadores e impressores.<\/li>\n<li>Rede de assist\u00eancia t\u00e9cnica pr\u00f3pria em todo o Brasil.<\/li>\n<\/ul>\n<\/ul>\n<h4>Informa\u00e7\u00f5es t\u00e9cnicas<\/h4>\n<ul class=\"listaGeral\">\n<ul class=\"listaGeral\">\n<li>Base de a\u00e7o carbono SAE-1020, ou a\u00e7o inox AISI-304.<\/li>\n<li>Plataforma de a\u00e7o carbono SAE-1020, ou a\u00e7o AISI-304.<\/li>\n<li>C\u00e9lula de carga Toledo de a\u00e7o inoxid\u00e1vel, com grau de prote\u00e7\u00e3o. IP-68 (submers\u00e3o) e contra jatos de \u00e1gua.<\/li>\n<li>Exclusivo Sistema de Prote\u00e7\u00e3o contra Sobrecargas.<\/li>\n<\/ul>\n<\/ul>\n<h4>Opcionais<\/h4>\n<ul class=\"listaGeral\">\n<li>Coluna para fixa\u00e7\u00e3o do indicador digital, com altura de 0,5 m ou 0,8 m.<\/li>\n<li>Esteira de roletes.<\/li>\n<li class=\"lastc\">grade de encosto para plataforma de 50 cm x 50 cm.<\/li>\n<\/ul>\n<p>&nbsp;<\/p>\n<table class=\"padrao mceItemTable\" border=\"0\" summary=\"Espeicifca\u00e7\u00f5es T\u00e9cnicas da 2090 Carbono\" cellspacing=\"0\" cellpadding=\"0\">\n<tbody>\n<tr>\n<th class=\"tabLinhaAzul00\" colspan=\"10\" align=\"center\">ESPECIFICA\u00c7\u00d5ES T\u00c9CNICAS<\/th>\n<\/tr>\n<tr>\n<th class=\"tabLinhaCinza\" align=\"center\" width=\"15%\">Plataforma (cm)<\/th>\n<th class=\"tabLinhaCinza\" align=\"center\" width=\"26%\">Pesagem (kg x g)<\/th>\n<th class=\"tabLinhaCinza\" align=\"center\" width=\"20%\">Indicador Digital<\/th>\n<th class=\"tabLinhaCinza\" align=\"center\" width=\"20%\">Sensibilidade de<br \/>\nContagem (g)<\/th>\n<th class=\"tabLinhaCinza\" align=\"center\" width=\"19%\">Peso Adicional<br \/>\nM\u00e1ximo (kg)<\/th>\n<\/tr>\n<tr>\n<td class=\"tabLinhaAzul01 firstc\" rowspan=\"19\" align=\"center\">40 x 40<\/td>\n<td class=\"tabLinhaVerde02\" rowspan=\"2\" align=\"center\">10&#215;1<\/td>\n<td class=\"tabLinhaVerde02\" align=\"center\">9091<\/td>\n<td class=\"tabLinhaVerde02\" align=\"center\">0,1<\/td>\n<td class=\"tabLinhaVerde lastc\" rowspan=\"6\" align=\"center\">6<\/td>\n<\/tr>\n<tr>\n<td class=\"tabLinhaVerde02 firstc\" align=\"center\">IND560\/780<\/td>\n<td class=\"tabLinhaVerde02 lastc\" align=\"center\">&#8211;<\/td>\n<\/tr>\n<tr>\n<td class=\"tabLinhaVerde01 firstc\" rowspan=\"4\" align=\"center\">10&#215;2<\/td>\n<td class=\"tabLinhaVerde01\" align=\"center\">9096-H<\/td>\n<td class=\"tabLinhaVerde01 lastc\" align=\"center\">&#8211;<\/td>\n<\/tr>\n<tr>\n<td class=\"tabLinhaVerde01 firstc\" align=\"center\">IND226x\/560x<\/td>\n<td class=\"tabLinhaVerde01 lastc\" align=\"center\">&#8211;<\/td>\n<\/tr>\n<tr>\n<td class=\"tabLinhaVerde01 firstc\" align=\"center\">9097<\/td>\n<td class=\"tabLinhaVerde01 lastc\" align=\"center\">&#8211;<\/td>\n<\/tr>\n<tr>\n<td class=\"tabLinhaVerde01 firstc\" align=\"center\">TS3X<\/td>\n<td class=\"tabLinhaVerde01 lastc\" align=\"center\">0,02<\/td>\n<\/tr>\n<tr>\n<td class=\"tabLinhaVerde02 firstc\" rowspan=\"2\" align=\"center\">20&#215;2<\/td>\n<td class=\"tabLinhaVerde02\" align=\"center\">9091<\/td>\n<td class=\"tabLinhaVerde02\" align=\"center\">0,2<\/td>\n<td class=\"tabLinhaVerde lastc\" rowspan=\"2\" align=\"center\">24<\/td>\n<\/tr>\n<tr>\n<td class=\"tabLinhaVerde02 firstc\" align=\"center\">IND560\/780<\/td>\n<td class=\"tabLinhaVerde02 lastc\" align=\"center\">&#8211;<\/td>\n<\/tr>\n<tr>\n<td class=\"tabLinhaVerde01 firstc\" rowspan=\"5\" align=\"center\">25&#215;5<\/td>\n<td class=\"tabLinhaVerde01\" align=\"center\">9091<\/td>\n<td class=\"tabLinhaVerde01\" align=\"center\">0,5<\/td>\n<td class=\"tabLinhaVerde lastc\" rowspan=\"5\" align=\"center\">18<\/td>\n<\/tr>\n<tr>\n<td class=\"tabLinhaVerde01 firstc\" align=\"center\">9096-H<\/td>\n<td class=\"tabLinhaVerde01 lastc\" align=\"center\">&#8211;<\/td>\n<\/tr>\n<tr>\n<td class=\"tabLinhaVerde01 firstc\" align=\"center\">IND226x\/560x<\/td>\n<td class=\"tabLinhaVerde01 lastc\" align=\"center\">&#8211;<\/td>\n<\/tr>\n<tr>\n<td class=\"tabLinhaVerde01 firstc\" align=\"center\">IND560\/780<\/td>\n<td class=\"tabLinhaVerde01 lastc\" align=\"center\">&#8211;<\/td>\n<\/tr>\n<tr>\n<td class=\"tabLinhaVerde01 firstc\" align=\"center\">9097<\/td>\n<td class=\"tabLinhaVerde01 lastc\" align=\"center\">&#8211;<\/td>\n<\/tr>\n<tr>\n<td class=\"tabLinhaVerde01 firstc\" rowspan=\"2\" align=\"center\">50&#215;5<\/td>\n<td class=\"tabLinhaVerde01\" align=\"center\">9091<\/td>\n<td class=\"tabLinhaVerde01\" align=\"center\">0,5<\/td>\n<td class=\"tabLinhaVerde lastc\" rowspan=\"6\" align=\"center\">28<\/td>\n<\/tr>\n<tr>\n<td class=\"tabLinhaVerde01 firstc\" align=\"center\">IND560\/780<\/td>\n<td class=\"tabLinhaVerde01 lastc\" align=\"center\">&#8211;<\/td>\n<\/tr>\n<tr>\n<td class=\"tabLinhaVerde02 firstc\" rowspan=\"4\" align=\"center\">50&#215;10<\/td>\n<td class=\"tabLinhaVerde02\" align=\"center\">9096-H<\/td>\n<td class=\"tabLinhaVerde02 lastc\" align=\"center\">&#8211;<\/td>\n<\/tr>\n<tr>\n<td class=\"tabLinhaVerde02 firstc\" align=\"center\">IND226x\/560x<\/td>\n<td class=\"tabLinhaVerde02 lastc\" align=\"center\">&#8211;<\/td>\n<\/tr>\n<tr>\n<td class=\"tabLinhaVerde02 firstc\" align=\"center\">9097<\/td>\n<td class=\"tabLinhaVerde02 lastc\" align=\"center\">&#8211;<\/td>\n<\/tr>\n<tr>\n<td class=\"tabLinhaVerde02 firstc\" align=\"center\">TS3X<\/td>\n<td class=\"tabLinhaVerde02 lastc\" align=\"center\">0,1<\/td>\n<\/tr>\n<tr>\n<td class=\"tabLinhaAzul02 firstc\" rowspan=\"18\" align=\"center\">50 x 50<\/td>\n<td class=\"tabLinhaVerde01\" rowspan=\"2\" align=\"center\">50&#215;5<\/td>\n<td class=\"tabLinhaVerde01\" align=\"center\">9091<\/td>\n<td class=\"tabLinhaVerde01\" align=\"center\">0,5<\/td>\n<td class=\"tabLinhaVerde lastc\" rowspan=\"6\" align=\"center\">23<\/td>\n<\/tr>\n<tr>\n<td class=\"tabLinhaVerde01 firstc\" align=\"center\">IND560\/780<\/td>\n<td class=\"tabLinhaVerde01 lastc\" align=\"center\">&#8211;<\/td>\n<\/tr>\n<tr>\n<td class=\"tabLinhaVerde02 firstc\" rowspan=\"4\" align=\"center\">50&#215;10<\/td>\n<td class=\"tabLinhaVerde02\" align=\"center\">9096-H<\/td>\n<td class=\"tabLinhaVerde02 lastc\" align=\"center\">&#8211;<\/td>\n<\/tr>\n<tr>\n<td class=\"tabLinhaVerde02 firstc\" align=\"center\">IND226x\/560x<\/td>\n<td class=\"tabLinhaVerde02 lastc\" align=\"center\">&#8211;<\/td>\n<\/tr>\n<tr>\n<td class=\"tabLinhaVerde02 firstc\" align=\"center\">9097<\/td>\n<td class=\"tabLinhaVerde02 lastc\" align=\"center\">&#8211;<\/td>\n<\/tr>\n<tr>\n<td class=\"tabLinhaVerde02 firstc\" align=\"center\">TS3X<\/td>\n<td class=\"tabLinhaVerde02 lastc\" align=\"center\">0,1<\/td>\n<\/tr>\n<tr>\n<td class=\"tabLinhaVerde01 firstc\" rowspan=\"2\" align=\"center\">100&#215;10<\/td>\n<td class=\"tabLinhaVerde01\" align=\"center\">9091<\/td>\n<td class=\"tabLinhaVerde01\" align=\"center\">1<\/td>\n<td class=\"tabLinhaVerde lastc\" rowspan=\"6\" align=\"center\">63<\/td>\n<\/tr>\n<tr>\n<td class=\"tabLinhaVerde01 firstc\" align=\"center\">IND560\/780<\/td>\n<td class=\"tabLinhaVerde01 lastc\" align=\"center\">&#8211;<\/td>\n<\/tr>\n<tr>\n<td class=\"tabLinhaVerde02 firstc\" rowspan=\"4\" align=\"center\">100&#215;20<\/td>\n<td class=\"tabLinhaVerde02\" align=\"center\">9096-H<\/td>\n<td class=\"tabLinhaVerde02 lastc\" align=\"center\">&#8211;<\/td>\n<\/tr>\n<tr>\n<td class=\"tabLinhaVerde02 firstc\" align=\"center\">IND226x\/560x<\/td>\n<td class=\"tabLinhaVerde02 lastc\" align=\"center\">&#8211;<\/td>\n<\/tr>\n<tr>\n<td class=\"tabLinhaVerde02 firstc\" align=\"center\">9097<\/td>\n<td class=\"tabLinhaVerde02 lastc\" align=\"center\">&#8211;<\/td>\n<\/tr>\n<tr>\n<td class=\"tabLinhaVerde02 firstc\" align=\"center\">TS3X<\/td>\n<td class=\"tabLinhaVerde02 lastc\" align=\"center\">0,2<\/td>\n<\/tr>\n<tr>\n<td class=\"tabLinhaVerde01 firstc\" align=\"center\">150&#215;20<\/td>\n<td class=\"tabLinhaVerde01\" align=\"center\">9091<\/td>\n<td class=\"tabLinhaVerde01\" align=\"center\">2<\/td>\n<td class=\"tabLinhaVerde lastc\" rowspan=\"6\" align=\"center\">103<\/td>\n<\/tr>\n<tr>\n<td class=\"tabLinhaVerde02 firstc\" rowspan=\"5\" align=\"center\">150&#215;50<\/td>\n<td class=\"tabLinhaVerde02\" align=\"center\">9096-H<\/td>\n<td class=\"tabLinhaVerde02 lastc\" align=\"center\">&#8211;<\/td>\n<\/tr>\n<tr>\n<td class=\"tabLinhaVerde02 firstc\" align=\"center\">IND226x\/560x<\/td>\n<td class=\"tabLinhaVerde02 lastc\" align=\"center\">&#8211;<\/td>\n<\/tr>\n<tr>\n<td class=\"tabLinhaVerde02 firstc\" align=\"center\">IND560\/780<\/td>\n<td class=\"tabLinhaVerde02 lastc\" align=\"center\">&#8211;<\/td>\n<\/tr>\n<tr>\n<td class=\"tabLinhaVerde02 firstc\" align=\"center\">9097<\/td>\n<td class=\"tabLinhaVerde02 lastc\" align=\"center\">&#8211;<\/td>\n<\/tr>\n<tr>\n<td class=\"tabLinhaVerde02 firstc\" align=\"center\">TS3X<\/td>\n<td class=\"tabLinhaVerde02 lastc\" align=\"center\">0,5<\/td>\n<\/tr>\n<\/tbody>\n<\/table>\n<\/article>\n","protected":false},"excerpt":{"rendered":"<p>A Balan\u00e7a 2090 de Bancada Toledo, al\u00e9m de atender \u00e0s suas necessidades de pesagem e contagem, possui diversos fatores que a diferencia das demais existentes no<span class=\"excerpt-hellip\"> [\u2026]<\/span><\/p>\n","protected":false},"featured_media":3374,"comment_status":"open","ping_status":"closed","template":"","meta":{"_joinchat":[]},"product_brand":[],"product_cat":[62,47,48,66],"product_tag":[],"class_list":{"0":"post-3372","1":"product","2":"type-product","3":"status-publish","4":"has-post-thumbnail","6":"product_cat-classes-de-produtos","7":"product_cat-marcas","8":"product_cat-toledo-do-brasil","9":"product_cat-balancas-para-transporte-e-logistica","10":"pa_capacidade-10kg-a-15kg","11":"pa_capacidade-50kg-a-100kg","13":"first","14":"instock","15":"shipping-taxable","16":"product-type-simple"},"_links":{"self":[{"href":"https:\/\/mblbalancas.com.br\/site\/wp-json\/wp\/v2\/product\/3372","targetHints":{"allow":["GET"]}}],"collection":[{"href":"https:\/\/mblbalancas.com.br\/site\/wp-json\/wp\/v2\/product"}],"about":[{"href":"https:\/\/mblbalancas.com.br\/site\/wp-json\/wp\/v2\/types\/product"}],"replies":[{"embeddable":true,"href":"https:\/\/mblbalancas.com.br\/site\/wp-json\/wp\/v2\/comments?post=3372"}],"wp:featuredmedia":[{"embeddable":true,"href":"https:\/\/mblbalancas.com.br\/site\/wp-json\/wp\/v2\/media\/3374"}],"wp:attachment":[{"href":"https:\/\/mblbalancas.com.br\/site\/wp-json\/wp\/v2\/media?parent=3372"}],"wp:term":[{"taxonomy":"product_brand","embeddable":true,"href":"https:\/\/mblbalancas.com.br\/site\/wp-json\/wp\/v2\/product_brand?post=3372"},{"taxonomy":"product_cat","embeddable":true,"href":"https:\/\/mblbalancas.com.br\/site\/wp-json\/wp\/v2\/product_cat?post=3372"},{"taxonomy":"product_tag","embeddable":true,"href":"https:\/\/mblbalancas.com.br\/site\/wp-json\/wp\/v2\/product_tag?post=3372"}],"curies":[{"name":"wp","href":"https:\/\/api.w.org\/{rel}","templated":true}]}}