{"id":3387,"date":"2015-01-08T10:50:46","date_gmt":"2015-01-08T12:50:46","guid":{"rendered":"https:\/\/mblbalancas.com.br\/site\/?post_type=product&#038;p=3387"},"modified":"2015-01-08T10:50:46","modified_gmt":"2015-01-08T12:50:46","slug":"balanca-toledo-2098-express","status":"publish","type":"product","link":"https:\/\/mblbalancas.com.br\/site\/produto\/balanca-toledo-2098-express\/","title":{"rendered":"Balan\u00e7a Toledo 2098 Express"},"content":{"rendered":"<p>A solu\u00e7\u00e3o certa para cargas expressas de at\u00e9 100 kg. Opera\u00e7\u00e3o simples, indica\u00e7\u00e3o r\u00e1pida e exata, fazem da 2098 Express a solu\u00e7\u00e3o certa para a pesagem de cargas e encomendas de 10 g at\u00e9 100 kg.<\/p>\n<p class=\"lastc\">Fabricada com a mais avan\u00e7ada tecnologia e dentro de rigorosos padr\u00f5es de qualidade Toledo, a 2098 Express garante durabilidade, baixa manuten\u00e7\u00e3o e agilidade nas pesagens, agregando qualidade e seguran\u00e7a ao seu neg\u00f3cio. S\u00e3o algumas vantagens de se ter uma balan\u00e7a Toledo trabalhando para voc\u00ea.<\/p>\n<p class=\"lastc\">\n<article>\n<h3>Pesagem de 10 g at\u00e9 100 kg<\/h3>\n<ul class=\"listaGeral firstc\">\n<ul class=\"listaGeral firstc\">\n<li>Ampla faixa de pesagem com muito mais precis\u00e3o. Atende todas as necessidades.<\/li>\n<\/ul>\n<\/ul>\n<h3>P\u00e9s antiderrapantes e regul\u00e1veis para nivelamento<\/h3>\n<ul class=\"listaGeral firstc\">\n<ul class=\"listaGeral firstc\">\n<li>Al\u00e9m de permitir a corre\u00e7\u00e3o de desn\u00edveis do piso, oferece maior ader\u00eancia ao piso e seguran\u00e7a para as pesagens.<\/li>\n<\/ul>\n<\/ul>\n<h3>Duplo display<\/h3>\n<ul class=\"listaGeral firstc\">\n<ul class=\"listaGeral firstc\">\n<li>Display LCD de 26 mm de altura, proporciona excelente visibilidade do peso com leituras r\u00e1pidas e sem erros.<\/li>\n<\/ul>\n<\/ul>\n<h3>Plataforma com revestimento de borracha antiderrapante<\/h3>\n<ul class=\"listaGeral firstc\">\n<ul class=\"listaGeral firstc\">\n<li>Oferece ader\u00eancia das cargas\/ encomendas durante as pesagens, proporcionando opera\u00e7\u00f5es r\u00e1pidas e seguras.<\/li>\n<\/ul>\n<\/ul>\n<h3>Zeragem autom\u00e1tica<\/h3>\n<ul class=\"listaGeral firstc\">\n<ul class=\"listaGeral firstc\">\n<li>Mant\u00e9m a indica\u00e7\u00e3o em zero entre as pesagens, dispensando acionamentos manuais, agilizando e facilitando as opera\u00e7\u00f5es.<\/li>\n<\/ul>\n<\/ul>\n<h3>Saida RS-232C<\/h3>\n<ul class=\"listaGeral firstc\">\n<ul class=\"listaGeral firstc\">\n<li>Permite o envio do peso aos programas destinados ao recebimento de cargas\/encomendas.<\/li>\n<li>Opcionais: Conversor externo RS-232C para padr\u00e3o USB.<\/li>\n<\/ul>\n<\/ul>\n<table class=\"padrao\" border=\"0\" summary=\"2098 Express - Tabela de Especifica\u00e7\u00f5es T\u00e9cnicas\" cellspacing=\"0\" cellpadding=\"0\">\n<tbody>\n<tr class=\"tabLinhaVerde01\">\n<td class=\"tabLinhaAzul00 firstc\" align=\"center\" width=\"131\"><span class=\"tabLinhaAzul00\"><strong class=\"lastc firstc\">Capacidades<\/strong><\/span><\/td>\n<td class=\"tabLinhaAzul00 lastc\" colspan=\"2\" align=\"center\"><strong class=\"lastc firstc\">60kg x 10g e 100Kg x20g<\/strong><\/td>\n<\/tr>\n<tr class=\"tabLinhaVerde02\">\n<td class=\"tabLinhaAzul02 firstc\" rowspan=\"3\" align=\"center\">Display<\/td>\n<td class=\"tabLinhaVerde02\" align=\"center\" width=\"69\">Tipo<\/td>\n<td class=\"tabLinhaVerde02 lastc\" align=\"center\" width=\"364\">LCD &#8211; Cristal l\u00edquido<\/td>\n<\/tr>\n<tr class=\"tabLinhaVerde01\">\n<td class=\"tabLinhaVerde02 firstc\" align=\"center\">D\u00edgitos<\/td>\n<td class=\"tabLinhaVerde02 lastc\" align=\"center\">6 d\u00edgitos<\/td>\n<\/tr>\n<tr>\n<td class=\"tabLinhaVerde02 firstc\" align=\"center\">Tamanho<\/td>\n<td class=\"tabLinhaVerde02 lastc\" align=\"center\">12 mm (L) x 26 mm (A)<\/td>\n<\/tr>\n<tr>\n<td class=\"tabLinhaAzul01 firstc\" align=\"center\">Temperatura<\/td>\n<td class=\"tabLinhaVerde01 lastc\" colspan=\"2\" align=\"center\">-10\u00baC a 40\u00baC<\/td>\n<\/tr>\n<tr class=\"tabLinhaVerde02\">\n<td class=\"tabLinhaAzul02 firstc\" align=\"center\">Umidade Relativa<\/td>\n<td class=\"tabLinhaVerde02 lastc\" colspan=\"2\" align=\"center\">10% a 95% sem condensa\u00e7\u00e3o<\/td>\n<\/tr>\n<tr>\n<td class=\"tabLinhaAzul01 firstc\" rowspan=\"2\" align=\"center\">Adaptador AC<\/td>\n<td class=\"tabLinhaVerde01\" align=\"center\">Entrada<\/td>\n<td class=\"tabLinhaVerde01 lastc\" align=\"center\">Multivoltagen de 93,5 a 264,0 Vca<\/td>\n<\/tr>\n<tr class=\"tabLinhaVerde02\">\n<td class=\"tabLinhaVerde01 firstc\" align=\"center\">Sa\u00edda<\/td>\n<td class=\"tabLinhaVerde01 lastc\" align=\"center\">12 VCC &#8211; 200mA<\/td>\n<\/tr>\n<tr>\n<td class=\"tabLinhaAzul02 firstc\" align=\"center\">Consumo<\/td>\n<td class=\"tabLinhaVerde02 lastc\" colspan=\"2\" align=\"center\">0,75W a 3,1 W<\/td>\n<\/tr>\n<tr>\n<td class=\"tabLinhaAzul01 firstc\" align=\"center\">Acabamento<\/td>\n<td class=\"tabLinhaVerde01 lastc\" colspan=\"2\" align=\"center\">Esmalte poliuretano prata met\u00e1lico<\/td>\n<\/tr>\n<tr>\n<td class=\"tabLinhaAzul02 firstc\" rowspan=\"2\" align=\"center\">Dimens\u00f5es<\/td>\n<td class=\"tabLinhaVerde02\" align=\"center\">Coluna<\/td>\n<td class=\"tabLinhaVerde02 lastc\" align=\"center\">500 mm (A)<\/td>\n<\/tr>\n<tr>\n<td class=\"tabLinhaVerde02 firstc\" align=\"center\">Plataforma<\/td>\n<td class=\"tabLinhaVerde02 lastc\" align=\"center\">425 mm (L) x 640 mm (A) x 460 mm (P)<\/td>\n<\/tr>\n<tr>\n<td class=\"tabLinhaAzul01 firstc\" align=\"center\">Peso<\/td>\n<td class=\"tabLinhaVerde01 lastc\" colspan=\"2\" align=\"center\">18,0 kg e 23,6 Kg embalada<\/td>\n<\/tr>\n<tr>\n<td class=\"tabLinhaAzul02 lastc firstc\" rowspan=\"3\" align=\"center\">Aprova\u00e7\u00e3o<\/td>\n<\/tr>\n<tr>\n<td class=\"tabLinhaVerde02 firstc\" align=\"center\">Portaria<\/td>\n<td class=\"tabLinhaVerde02 lastc\" align=\"center\">INMETRO 236\/94<\/td>\n<\/tr>\n<tr>\n<td class=\"tabLinhaVerde02 firstc\" align=\"center\">Classe<\/td>\n<td class=\"tabLinhaVerde02 lastc\" align=\"center\">Classe de Exatid\u00e3o III<\/td>\n<\/tr>\n<\/tbody>\n<\/table>\n<\/article>\n","protected":false},"excerpt":{"rendered":"<p>A solu\u00e7\u00e3o certa para cargas expressas de at\u00e9 100 kg. Opera\u00e7\u00e3o simples, indica\u00e7\u00e3o r\u00e1pida e exata, fazem da 2098 Express a solu\u00e7\u00e3o certa para a pesagem<span class=\"excerpt-hellip\"> [\u2026]<\/span><\/p>\n","protected":false},"featured_media":3388,"comment_status":"open","ping_status":"closed","template":"","meta":{"_joinchat":[]},"product_brand":[],"product_cat":[62,63,47,48,66,67],"product_tag":[],"class_list":{"0":"post-3387","1":"product","2":"type-product","3":"status-publish","4":"has-post-thumbnail","6":"product_cat-classes-de-produtos","7":"product_cat-balancas-industriais","8":"product_cat-marcas","9":"product_cat-toledo-do-brasil","10":"product_cat-balancas-para-transporte-e-logistica","11":"product_cat-balancas-para-o-varejo-e-o-atacado","12":"pa_capacidade-50kg-a-100kg","14":"first","15":"instock","16":"shipping-taxable","17":"product-type-simple"},"_links":{"self":[{"href":"https:\/\/mblbalancas.com.br\/site\/wp-json\/wp\/v2\/product\/3387","targetHints":{"allow":["GET"]}}],"collection":[{"href":"https:\/\/mblbalancas.com.br\/site\/wp-json\/wp\/v2\/product"}],"about":[{"href":"https:\/\/mblbalancas.com.br\/site\/wp-json\/wp\/v2\/types\/product"}],"replies":[{"embeddable":true,"href":"https:\/\/mblbalancas.com.br\/site\/wp-json\/wp\/v2\/comments?post=3387"}],"wp:featuredmedia":[{"embeddable":true,"href":"https:\/\/mblbalancas.com.br\/site\/wp-json\/wp\/v2\/media\/3388"}],"wp:attachment":[{"href":"https:\/\/mblbalancas.com.br\/site\/wp-json\/wp\/v2\/media?parent=3387"}],"wp:term":[{"taxonomy":"product_brand","embeddable":true,"href":"https:\/\/mblbalancas.com.br\/site\/wp-json\/wp\/v2\/product_brand?post=3387"},{"taxonomy":"product_cat","embeddable":true,"href":"https:\/\/mblbalancas.com.br\/site\/wp-json\/wp\/v2\/product_cat?post=3387"},{"taxonomy":"product_tag","embeddable":true,"href":"https:\/\/mblbalancas.com.br\/site\/wp-json\/wp\/v2\/product_tag?post=3387"}],"curies":[{"name":"wp","href":"https:\/\/api.w.org\/{rel}","templated":true}]}}