{"id":3395,"date":"2015-01-08T11:59:19","date_gmt":"2015-01-08T13:59:19","guid":{"rendered":"https:\/\/mblbalancas.com.br\/site\/?post_type=product&#038;p=3395"},"modified":"2015-01-08T11:59:19","modified_gmt":"2015-01-08T13:59:19","slug":"balanca-toledo-2180-inox","status":"publish","type":"product","link":"https:\/\/mblbalancas.com.br\/site\/produto\/balanca-toledo-2180-inox\/","title":{"rendered":"Balan\u00e7a Toledo 2180 Inox"},"content":{"rendered":"<h3>Balan\u00e7a Eletr\u00f4nica de Piso<\/h3>\n<p>A Toledo do Brasil desenvolveu a balan\u00e7a de piso 2180 Inox para atender especialmente aos clientes dos mercados industriais e comerciais, que buscam uma balan\u00e7a confi\u00e1vel, resistente e simples de instalar e operar.<\/p>\n<p>A balan\u00e7a de piso 2180 Inox possui uma s\u00e9rie de diferenciais em rela\u00e7\u00e3o \u00e0s balan\u00e7as de piso comuns, tais como: Sistema de Oscila\u00e7\u00e3o, Sistemas de Fixa\u00e7\u00e3o e Limitadores de Movimento.<\/p>\n<p>A 2180 Inox possui ainda ampla variedade de tamanhos, capacidades e terminais de pesagem que possibilitam atender \u00e0s necessidades espec\u00edficas de cada um dos clientes.<\/p>\n<h4>Caracter\u00edsticas Funcionais<\/h4>\n<ul class=\"listaGeral\">\n<li class=\"firstc\">O design da plataforma, de perfil ultrabaixo, e a utiliza\u00e7\u00e3o de rampas laterais opcionais facilitam e reduzem os esfor\u00e7os do operador nos processos de carga e descarga na plataforma, quando a instala\u00e7\u00e3o \u00e9 feita sobre o piso.<\/li>\n<li>A utiliza\u00e7\u00e3o de c\u00e9lulas de carga resistentes \u00e0 umidade proporciona precis\u00e3o, velocidade e confiabilidade nas pesagens, al\u00e9m de reduzir o custo de manuten\u00e7\u00e3o.<\/li>\n<li class=\"lastc\">A balan\u00e7a pode ser utilizada como pesadora, contadora, dosadora ou verificadora de pesos, dependendo do terminal de pesagem acoplado, oferecendo mais versatilidade na sua aplica\u00e7\u00e3o.<\/li>\n<\/ul>\n<h4>Caracter\u00edsticas T\u00e9cnicas<\/h4>\n<ul class=\"listaGeral\">\n<li class=\"firstc\">Plataforma: de a\u00e7o Inox SAE-1020 de chapa xadrez ou lisa (at\u00e9 10 t), ou de chapa lisa (15 t e 20 t), ou de a\u00e7o inox AISI-304 de chapa lisa (at\u00e9 2,5 t).<\/li>\n<li>Rampas laterais: inclina\u00e7\u00e3o vari\u00e1vel de 9% a 12% (fornecimento opcional). C\u00e9lulas de carga de a\u00e7o inoxid\u00e1vel. Grau de prote\u00e7\u00e3o IP-68 (at\u00e9 2.500 kg) e IP-67 (acima de 2.500 kg). Perfil baixo.<\/li>\n<li class=\"lastc\">Exclusivo sistema de oscila\u00e7\u00e3o com esferas e castanhas de a\u00e7o cromo temperado.<\/li>\n<\/ul>\n<h3>Principais Diferenciais<\/h3>\n<table class=\"padrao mceItemTable\" border=\"0\" width=\"100%\" cellspacing=\"0\" cellpadding=\"0\">\n<tbody>\n<tr align=\"center\">\n<th class=\"tabLinhaAzul00\" scope=\"col\" width=\"50%\">Vantagens do Sistema de Oscila\u00e7\u00e3o<\/th>\n<th class=\"tabLinhaAzul00\" scope=\"col\" width=\"50%\">Desvantagens das balan\u00e7as com p\u00e9s<\/th>\n<\/tr>\n<tr align=\"center\">\n<td class=\"tabLinhaVerde01 lastc firstc\" colspan=\"2\">Entrada de carga<\/td>\n<\/tr>\n<tr align=\"center\">\n<td class=\"tabLinhaAzul02 firstc\"><img loading=\"lazy\" decoding=\"async\" title=\"Entrada de carga\" src=\"https:\/\/toledobrasil.com.br\/app\/webroot\/img\/upload\/01_entrada_opt_b.png\" alt=\"Entrada de carga\" width=\"315\" height=\"155\" \/><\/td>\n<td class=\"tabLinhaAzul02 lastc\"><img loading=\"lazy\" decoding=\"async\" title=\"Entrada de carga\" src=\"https:\/\/toledobrasil.com.br\/app\/webroot\/img\/upload\/02_entrada2_opt_b.png\" alt=\"Entrada de carga\" width=\"315\" height=\"197\" \/><\/td>\n<\/tr>\n<tr align=\"center\">\n<td class=\"tabLinhaAzul01 firstc\" align=\"left\">Pode ser utilizada em qualquer tipo de aplica\u00e7\u00e3o de pesagem: cargas depositadas, arrastadas, roladas, jogadas, etc., e provenientes de qualquer dire\u00e7\u00e3o.<\/td>\n<td class=\"tabLinhaAzul01 lastc\" align=\"left\">Em fun\u00e7\u00e3o de seu sistema de apoio (p\u00e9s), estas balan\u00e7as somente podem ser utilizadas em aplica\u00e7\u00f5es em que as cargas s\u00e3o depositadas na plataforma. A entrada de cargas roladas, jogadas, ou mesmo arrastadas por carrinhos ou transportadas por empilhadeiras, poder\u00e1 provocar o arraste da balan\u00e7a, causando erros de pesagem e danos aos sensores de peso.<\/td>\n<\/tr>\n<tr align=\"center\">\n<td class=\"tabLinhaVerde01 lastc firstc\" colspan=\"2\">Impactos laterais<\/td>\n<\/tr>\n<tr align=\"center\">\n<td class=\"tabLinhaAzul02 firstc\"><img loading=\"lazy\" decoding=\"async\" title=\"Impactos laterais\" src=\"https:\/\/toledobrasil.com.br\/app\/webroot\/img\/upload\/01_celula_opt.png\" alt=\"Impactos laterais\" width=\"315\" height=\"157\" \/><\/td>\n<td class=\"tabLinhaAzul02 lastc\"><img loading=\"lazy\" decoding=\"async\" title=\"Impactos laterais\" src=\"https:\/\/toledobrasil.com.br\/app\/webroot\/img\/upload\/01_celulap_opt.png\" alt=\"Impactos laterais\" width=\"315\" height=\"121\" \/><\/td>\n<\/tr>\n<tr align=\"center\">\n<td class=\"tabLinhaAzul01 firstc\" align=\"left\">Sistema de Oscila\u00e7\u00e3o (2 castanhas e 1 esfera em cada canto da balan\u00e7a) permite movimento suave do conjunto da plataforma, protegendo as c\u00e9lulas de carga contra impactos laterais e garantindo pesagem correta, uma vez que a for\u00e7a aplicada ao sensor de peso (c\u00e9lula de carga) ser\u00e1 sempre no sentido vertical, independentemente de como a carga chega na plataforma de pesagem.<\/td>\n<td class=\"tabLinhaAzul01 lastc\" align=\"left\">Estas balan\u00e7as requerem cuidados especiais com impactos laterais. Os p\u00e9s s\u00e3o rosqueados diretamente nas c\u00e9lulas de carga e, por isso, n\u00e3o h\u00e1 como fix\u00e1-las no piso. Ficando soltas, s balan\u00e7as sofrem impactos laterais devido ao arraste das cargas. Como n\u00e3o possuem limitadores de movimento, podem ter os p\u00e9s quebrados e as c\u00e9lulas de carga torcidas, causando erros de pesagem e sucessivas manuten\u00e7\u00f5es. Nas instala\u00e7\u00f5es com rampas ou embutidas, a plataforma pode encostar em uma das rampas ou na borda do po\u00e7o, provocando agarramento e, conseq\u00fcentemente, erros de pesagem.<\/td>\n<\/tr>\n<tr align=\"center\">\n<td class=\"tabLinhaVerde01 lastc firstc\" colspan=\"2\">Sistema de fixa\u00e7\u00e3o<\/td>\n<\/tr>\n<tr align=\"center\">\n<td class=\"tabLinhaAzul02 firstc\"><img loading=\"lazy\" decoding=\"async\" title=\"Sistema de fixa\u00e7\u00e3o\" src=\"https:\/\/toledobrasil.com.br\/app\/webroot\/img\/upload\/01_2180piso-3_opt.png\" alt=\"Sistema de fixa\u00e7\u00e3o\" width=\"315\" height=\"114\" \/><\/td>\n<td class=\"tabLinhaAzul02 lastc\"><img loading=\"lazy\" decoding=\"async\" title=\"Sistema de fixa\u00e7\u00e3o\" src=\"https:\/\/toledobrasil.com.br\/app\/webroot\/img\/upload\/02_2180piso-3_opt-.png\" alt=\"Sistema de fixa\u00e7\u00e3o\" width=\"315\" height=\"108\" \/><\/td>\n<\/tr>\n<tr align=\"center\">\n<td class=\"tabLinhaAzul01 firstc\" align=\"left\">Sistema de Fixa\u00e7\u00e3o permite que a plataforma seja chumbada no piso ou no fundo do po\u00e7o. Evita que a balan\u00e7a seja arrastada, garantindo pesagens precisas e menos manuten\u00e7\u00e3o.<\/td>\n<td class=\"tabLinhaAzul01 lastc\" align=\"left\">N\u00e3o h\u00e1.<\/td>\n<\/tr>\n<tr align=\"center\">\n<td class=\"tabLinhaVerde01 lastc firstc\" colspan=\"2\">Limitadores<\/td>\n<\/tr>\n<tr align=\"center\">\n<td class=\"tabLinhaAzul02 firstc\"><img loading=\"lazy\" decoding=\"async\" title=\"Limitadores\" src=\"https:\/\/toledobrasil.com.br\/app\/webroot\/img\/upload\/a_2180piso-2_opt.png\" alt=\"Limitadores\" width=\"315\" height=\"95\" \/><\/td>\n<td class=\"tabLinhaAzul02 lastc\"><img loading=\"lazy\" decoding=\"async\" title=\"Limitadores\" src=\"https:\/\/toledobrasil.com.br\/app\/webroot\/img\/upload\/a_bpe02_opt_a.png\" alt=\"Limitadores\" width=\"315\" height=\"149\" \/><\/td>\n<\/tr>\n<tr align=\"center\">\n<td class=\"tabLinhaAzul01 firstc\" align=\"left\">Sistema Limitador de Movimento garante o perfeito funcionamento do Sistema de Oscila\u00e7\u00e3o, e protege a balan\u00e7a contra impactos laterais.<\/td>\n<td class=\"tabLinhaAzul01 lastc\" align=\"left\">N\u00e3o h\u00e1<\/td>\n<\/tr>\n<tr align=\"center\">\n<td class=\"tabLinhaVerde01 lastc firstc\" colspan=\"2\">C\u00e9lula de carga (at\u00e9 3.000 kg)<\/td>\n<\/tr>\n<tr align=\"center\">\n<td class=\"tabLinhaAzul02 firstc\"><img loading=\"lazy\" decoding=\"async\" title=\"C\u00e9lula de carga (at\u00e9 3.000 kg)\" src=\"https:\/\/toledobrasil.com.br\/app\/webroot\/img\/upload\/a_celula3d_opt.png\" alt=\"C\u00e9lula de carga (at\u00e9 3.000 kg)\" width=\"315\" height=\"129\" \/><\/td>\n<td class=\"tabLinhaAzul02 lastc\"><img loading=\"lazy\" decoding=\"async\" title=\"C\u00e9lula de carga (at\u00e9 3.000 kg)\" src=\"https:\/\/toledobrasil.com.br\/app\/webroot\/img\/upload\/a_celulap3d_opt.png\" alt=\"C\u00e9lula de carga (at\u00e9 3.000 kg)\" width=\"315\" height=\"131\" \/><\/td>\n<\/tr>\n<tr align=\"center\">\n<td class=\"tabLinhaAzul01 firstc\" align=\"left\">De a\u00e7o inoxid\u00e1vel com grau de prote\u00e7\u00e3o IP-68, garante vida \u00fatil elevada, mesmo em condi\u00e7\u00f5es severas.<\/td>\n<td class=\"tabLinhaAzul01 lastc\" align=\"left\">A maioria das balan\u00e7as com p\u00e9s, existente no mercado, n\u00e3o possui c\u00e9lulas de carga de a\u00e7o inoxid\u00e1vel e com grau de prote\u00e7\u00e3o IP-68.<\/td>\n<\/tr>\n<\/tbody>\n<\/table>\n<h4>Tamanhos e Capacidades<\/h4>\n<table class=\"padrao\" border=\"0\" cellspacing=\"0\" cellpadding=\"0\">\n<tbody>\n<tr>\n<th class=\"tabLinhaAzul00\" scope=\"col\" align=\"center\" width=\"20%\">Pesagem(*)<\/th>\n<th class=\"tabLinhaAzul00\" scope=\"col\" align=\"center\" width=\"17%\">Sensibilidade de Contagem (**)<\/th>\n<th class=\"tabLinhaAzul00\" scope=\"col\" align=\"center\" width=\"20%\">Plataforma<\/th>\n<th class=\"tabLinhaAzul00\" scope=\"col\" align=\"center\" width=\"19%\">Peso Adicional M\u00e1ximo (***)<\/th>\n<th class=\"tabLinhaAzul00\" scope=\"col\" align=\"center\" width=\"24%\">Altura da Plataforma(****)<\/th>\n<\/tr>\n<tr>\n<td class=\"tabLinhaVerde01 firstc\" align=\"center\">kg x g<\/td>\n<td class=\"tabLinhaVerde01\" align=\"center\">g<\/td>\n<td class=\"tabLinhaVerde01\" align=\"center\">m<\/td>\n<td class=\"tabLinhaVerde01\" align=\"center\">kg<\/td>\n<td class=\"tabLinhaVerde01 lastc\" align=\"center\">mm<\/td>\n<\/tr>\n<tr class=\"tabLinhaAzul01\">\n<td class=\"firstc\" align=\"center\">250 x 50<\/td>\n<td align=\"center\">5<\/td>\n<td align=\"center\">0,80 x 0,80<br \/>\n1,00 x 1,00<br \/>\n1,20 x 1,20<br \/>\n1,50 x 1,50<br \/>\n1,80 x 1,20<\/td>\n<td align=\"center\">232<br \/>\n200<br \/>\n160<br \/>\n64<br \/>\n100<\/td>\n<td class=\"lastc\" align=\"center\">110\/105<br \/>\n110\/105<br \/>\n105<br \/>\n110\/105<br \/>\n105<\/td>\n<\/tr>\n<tr class=\"tabLinhaAzul02\">\n<td class=\"tabLinhaAzul02 firstc\" align=\"center\">\n500 x 100<\/td>\n<td class=\"tabLinhaAzul02\" align=\"center\">10<\/td>\n<td class=\"tabLinhaAzul02\" align=\"center\">0,80 x 0,80<br \/>\n1,00 x 1,00<br \/>\n1,20 x 1,20<br \/>\n1,50 x 1,50<br \/>\n1,80 x 1,20<\/td>\n<td class=\"tabLinhaAzul02\" align=\"center\">910<br \/>\n874<br \/>\n834<br \/>\n742<br \/>\n778<\/td>\n<td class=\"tabLinhaAzul02 lastc\" align=\"center\">110\/105<br \/>\n110\/105<br \/>\n105<br \/>\n110\/105<br \/>\n105<\/td>\n<\/tr>\n<tr class=\"tabLinhaAzul01\">\n<td class=\"firstc\" align=\"center\">1.000 x 200<\/td>\n<td align=\"center\">20<\/td>\n<td align=\"center\">1,00 x 1,00<br \/>\n1,20 x 1,20<br \/>\n1,50 x 1,50<br \/>\n1,80 x 1,20<\/td>\n<td align=\"center\">250<br \/>\n210<br \/>\n118<br \/>\n150<\/td>\n<td class=\"lastc\" align=\"center\">110\/105<\/td>\n<\/tr>\n<tr class=\"tabLinhaAzul02\">\n<td class=\"tabLinhaAzul02 firstc\" align=\"center\">1.500 x 500<\/td>\n<td class=\"tabLinhaAzul02\" align=\"center\">50<\/td>\n<td class=\"tabLinhaAzul02\" align=\"center\">1,00 x 1,00<br \/>\n1,20 x 1,20<br \/>\n1,50 x 1,50<br \/>\n1,80 x 1,20<\/td>\n<td class=\"tabLinhaAzul02\" align=\"center\">1.276<br \/>\n1.236<br \/>\n1.144<br \/>\n1.180<\/td>\n<td class=\"tabLinhaAzul02 lastc\" align=\"center\">110\/105<\/td>\n<\/tr>\n<tr class=\"tabLinhaAzul01\">\n<td class=\"firstc\" align=\"center\">2.500 x 500<\/td>\n<td align=\"center\">50<\/td>\n<td align=\"center\">1,50 x 1,20<br \/>\n1,50 x 1,50<br \/>\n1,80 x 1,20<\/td>\n<td align=\"center\">0<\/td>\n<td class=\"lastc\" align=\"center\">110\/105<\/td>\n<\/tr>\n<tr class=\"tabLinhaAzul02\">\n<td class=\"firstc\" align=\"center\">3.000 x 500<\/td>\n<td align=\"center\">50<\/td>\n<td align=\"center\">1,50 x 1,50<br \/>\n1,80 x 1,50<br \/>\n2,00 x 1,50<\/td>\n<td align=\"center\">2.568<br \/>\n2.532<br \/>\n2.504<\/td>\n<td class=\"lastc\" align=\"center\">110<\/td>\n<\/tr>\n<tr class=\"tabLinhaAzul01\">\n<td class=\"firstc\" align=\"center\">5.000 x 1.000<\/td>\n<td align=\"center\">100<\/td>\n<td align=\"center\">2,00 x 2,00<br \/>\n3,00 x 2,50<\/td>\n<td align=\"center\">0<\/td>\n<td class=\"lastc\" align=\"center\">112<\/td>\n<\/tr>\n<tr class=\"tabLinhaAzul02\">\n<td class=\"firstc\" align=\"center\">10.000 x 5.000<\/td>\n<td align=\"center\">500<\/td>\n<td align=\"center\">2,50 x 2,00<br \/>\n4,00 x 2,00<\/td>\n<td align=\"center\">0<br \/>\n0<\/td>\n<td class=\"lastc\" align=\"center\">135<br \/>\n140<\/td>\n<\/tr>\n<tr class=\"tabLinhaAzul01\">\n<td class=\"firstc\" align=\"center\">20.000 x 5.000<\/td>\n<td align=\"center\">500<\/td>\n<td align=\"center\">1,50 x 1,50<br \/>\n2,00 x 1,50<br \/>\n2,00 x 2,00<br \/>\n2,50 x 2,00<br \/>\n3,00 x 1,50<br \/>\n3,00 x 2,00<br \/>\n3,00 x 3,00<br \/>\n4,00 x 2,00<\/td>\n<td align=\"center\">4.360<br \/>\n4.130<br \/>\n3.920<br \/>\n3.610<br \/>\n3.560<br \/>\n3.270<br \/>\n2.720<br \/>\n2.680<\/td>\n<td class=\"lastc\" align=\"center\">210<br \/>\n210<br \/>\n210<br \/>\n210<br \/>\n280<br \/>\n280<br \/>\n280<br \/>\n280<\/td>\n<\/tr>\n<tr class=\"tabLinhaAzul02\">\n<td class=\"tabLinhaVerde lastc firstc\" colspan=\"5\" align=\"left\">(*) Permite tara at\u00e9 a capacidade m\u00e1xima de pesagem.<br \/>\n(**) Sensibilidade de Contagem \u00e9 o menor peso que uma pe\u00e7a deve ter para ocasionar mudan\u00e7a de uma unidade no n\u00famero de pe\u00e7as, no display da balan\u00e7a.<br \/>\n(***) \u00c9 o peso adicional (por exemplo, esteira de roletes) que pode ser colocado sobre a plataforma, na f\u00e1brica da Toledo ou por t\u00e9cnico autorizado, sem diminuir a capacidade nominal de pesagem.<br \/>\n(****) 1a medida (carbono), 2a medida (inox), \u00fanica medida (carbono e inox at\u00e9 2,5 t e carbono para as demais).<\/td>\n<\/tr>\n<\/tbody>\n<\/table>\n","protected":false},"excerpt":{"rendered":"<p>Balan\u00e7a Eletr\u00f4nica de Piso A Toledo do Brasil desenvolveu a balan\u00e7a de piso 2180 Inox para atender especialmente aos clientes dos mercados industriais e comerciais, que<span class=\"excerpt-hellip\"> [\u2026]<\/span><\/p>\n","protected":false},"featured_media":3396,"comment_status":"open","ping_status":"closed","template":"","meta":{"_joinchat":[]},"product_brand":[],"product_cat":[64,62,65,63,47,48,66],"product_tag":[],"class_list":{"0":"post-3395","1":"product","2":"type-product","3":"status-publish","4":"has-post-thumbnail","6":"product_cat-balancas-para-o-agronegocio","7":"product_cat-classes-de-produtos","8":"product_cat-balacas-para-empresas-de-engenharia","9":"product_cat-balancas-industriais","10":"product_cat-marcas","11":"product_cat-toledo-do-brasil","12":"product_cat-balancas-para-transporte-e-logistica","13":"pa_capacidade-100kg-a-250kg","14":"pa_capacidade-10t-a-25t","16":"first","17":"instock","18":"shipping-taxable","19":"product-type-simple"},"_links":{"self":[{"href":"https:\/\/mblbalancas.com.br\/site\/wp-json\/wp\/v2\/product\/3395","targetHints":{"allow":["GET"]}}],"collection":[{"href":"https:\/\/mblbalancas.com.br\/site\/wp-json\/wp\/v2\/product"}],"about":[{"href":"https:\/\/mblbalancas.com.br\/site\/wp-json\/wp\/v2\/types\/product"}],"replies":[{"embeddable":true,"href":"https:\/\/mblbalancas.com.br\/site\/wp-json\/wp\/v2\/comments?post=3395"}],"wp:featuredmedia":[{"embeddable":true,"href":"https:\/\/mblbalancas.com.br\/site\/wp-json\/wp\/v2\/media\/3396"}],"wp:attachment":[{"href":"https:\/\/mblbalancas.com.br\/site\/wp-json\/wp\/v2\/media?parent=3395"}],"wp:term":[{"taxonomy":"product_brand","embeddable":true,"href":"https:\/\/mblbalancas.com.br\/site\/wp-json\/wp\/v2\/product_brand?post=3395"},{"taxonomy":"product_cat","embeddable":true,"href":"https:\/\/mblbalancas.com.br\/site\/wp-json\/wp\/v2\/product_cat?post=3395"},{"taxonomy":"product_tag","embeddable":true,"href":"https:\/\/mblbalancas.com.br\/site\/wp-json\/wp\/v2\/product_tag?post=3395"}],"curies":[{"name":"wp","href":"https:\/\/api.w.org\/{rel}","templated":true}]}}