{"id":3399,"date":"2015-01-10T10:01:02","date_gmt":"2015-01-10T12:01:02","guid":{"rendered":"https:\/\/mblbalancas.com.br\/site\/?post_type=product&#038;p=3399"},"modified":"2015-01-10T10:01:02","modified_gmt":"2015-01-10T12:01:02","slug":"balanca-toledo-2180-portatil","status":"publish","type":"product","link":"https:\/\/mblbalancas.com.br\/site\/produto\/balanca-toledo-2180-portatil\/","title":{"rendered":"Balan\u00e7a Toledo 2180 Port\u00e1til"},"content":{"rendered":"<p>Destinada \u00e0 pesagem de cargas depositadas na plataforma por empilhadeira, carrinho ou outro equipamento auxiliar e \u00e0 contagem de pe\u00e7as, a Balan\u00e7a Eletr\u00f4nica 2180 Port\u00e1til \u00e9 de f\u00e1cil e seguro transporte para outros locais, com instala\u00e7\u00e3o feita pelo pr\u00f3prio usu\u00e1rio. Atende-se assim a diversas aplica\u00e7\u00f5es dentro da ind\u00fastria.<\/p>\n<p>Operando com Indicador Digital 9091, distante da plataforma, o usu\u00e1rio tem a balan\u00e7a totalmente livre, possibilitando o acesso multidirecional de cargas, o que facilita e d\u00e1 maior velocidade \u00e0s opera\u00e7\u00f5es de pesagem e contagem.<\/p>\n<p>&nbsp;<\/p>\n<article>\n<h3>Funcionalidades<\/h3>\n<p>O design da plataforma, de perfil ultrabaixo, facilita e reduz os esfor\u00e7os do operador nos processos de carga e descarga da plataforma.<\/p>\n<p>A utiliza\u00e7\u00e3o de c\u00e9lulas de carga resistentes \u00e0 umidade proporciona precis\u00e3o, velocidade e confiabilidade nas pesagens, al\u00e9m de reduzir o custo de manuten\u00e7\u00e3o.<\/p>\n<p>Admite cargas concentradas de at\u00e9 80% da capacidade m\u00e1xima da balan\u00e7a, em cada faixa transversal da plataforma.<\/p>\n<h3>Aplica\u00e7\u00f5es<\/h3>\n<ul class=\"listaGeral\">\n<li class=\"firstc\">Pesagem e contagem de pe\u00e7as.<\/li>\n<li>Conectividade com MGV Toledo, MWS Toledo e PC.<\/li>\n<li>Plataforma livre para acesso multidirecional de cargas.<\/li>\n<li class=\"lastc\">Mudan\u00e7a constante do local.<\/li>\n<\/ul>\n<article>\n<h3>Caracter\u00edsticas t\u00e9cnicas<\/h3>\n<ul class=\"listaGeral\">\n<li class=\"firstc\">Equipada com p\u00e9s regul\u00e1veis.<\/li>\n<li>Plataforma: chapa xadrez de a\u00e7o SAE-1020.<\/li>\n<li>C\u00e9lulas de carga: a\u00e7o. Perfil baixo. Grau de prote\u00e7\u00e3o IP-68.<\/li>\n<li class=\"lastc\">Altura piso\/topo da plataforma: 93 a 103 mm.<\/li>\n<\/ul>\n<h3>Capacidades e Plataformas<\/h3>\n<table class=\"padrao mceItemTable\" border=\"0\" cellspacing=\"0\" cellpadding=\"0\">\n<tbody>\n<tr>\n<th class=\"tabLinhaAzul00\" scope=\"col\" align=\"center\" width=\"25%\">Pesagem (*)<\/th>\n<th class=\"tabLinhaAzul00\" scope=\"col\" align=\"center\" width=\"25%\">Sensibilidade de Contagem (**)<\/th>\n<th class=\"tabLinhaAzul00\" scope=\"col\" align=\"center\" width=\"25%\">Plataforma (***)<\/th>\n<th class=\"tabLinhaAzul00\" scope=\"col\" align=\"center\" width=\"25%\">Peso Adicional M\u00e1ximo (****)<\/th>\n<\/tr>\n<tr>\n<td class=\"tabLinhaVerde01 firstc\" align=\"center\">(kg x g)<\/td>\n<td class=\"tabLinhaVerde01\" align=\"center\">(g)<\/td>\n<td class=\"tabLinhaVerde01\" align=\"center\">(m)<\/td>\n<td class=\"tabLinhaVerde01 lastc\" align=\"center\">(kg)<\/td>\n<\/tr>\n<tr class=\"tabLinhaAzul01\">\n<td class=\"firstc\" align=\"center\">250 x 50<\/td>\n<td align=\"center\">5<\/td>\n<td align=\"center\">0,80 x 0,80<br \/>\n1,00 x 1,00<br \/>\n1,20 x 1,20<br \/>\n1,50 x 1,50<br \/>\n1,80 x 1,20<\/td>\n<td class=\"lastc\" align=\"center\">232<br \/>\n200<br \/>\n160<br \/>\n64<br \/>\n100<\/td>\n<\/tr>\n<tr class=\"tabLinhaAzul02\">\n<td class=\"tabLinhaAzul02 firstc\" align=\"center\">\n500 x 100<\/td>\n<td class=\"tabLinhaAzul02\" align=\"center\">10<\/td>\n<td class=\"tabLinhaAzul02\" align=\"center\">0,80 x 0,80<br \/>\n1,00 x 1,00<br \/>\n1,20 x 1,20<br \/>\n1,50 x 1,50<br \/>\n1,80 x 1,20<\/td>\n<td class=\"tabLinhaAzul02 lastc\" align=\"center\">910<br \/>\n874<br \/>\n834<br \/>\n742<br \/>\n778<\/td>\n<\/tr>\n<tr class=\"tabLinhaAzul01\">\n<td class=\"firstc\" align=\"center\">1.000 x 200<\/td>\n<td align=\"center\">20<\/td>\n<td align=\"center\">1,00 x 1,00<br \/>\n1,20 x 1,20<br \/>\n1,50 x 1,50<br \/>\n1,80 x 1,20<\/td>\n<td class=\"lastc\" align=\"center\">250<br \/>\n210<br \/>\n118<br \/>\n150<\/td>\n<\/tr>\n<tr class=\"tabLinhaAzul02\">\n<td class=\"tabLinhaAzul02 firstc\" align=\"center\">1.500 x 500<\/td>\n<td class=\"tabLinhaAzul02\" align=\"center\">50<\/td>\n<td class=\"tabLinhaAzul02\" align=\"center\">1,00 x 1,00<br \/>\n1,20 x 1,20<br \/>\n1,50 x 1,50<br \/>\n1,80 x 1,20<\/td>\n<td class=\"tabLinhaAzul02 lastc\" align=\"center\">375<\/td>\n<\/tr>\n<tr class=\"tabLinhaAzul02\">\n<td class=\"tabLinhaVerde lastc firstc\" colspan=\"5\" align=\"left\">(*) Permite tara at\u00e9 a capacidade m\u00e1xima da balan\u00e7a.<br \/>\n(**) Sensibilidade de Contagem \u00e9 o menor peso que uma pe\u00e7a deve ter para ocasionar mudan\u00e7a de uma unidade no n\u00famero de pe\u00e7as, no display da balan\u00e7a.<br \/>\n(***) Com p\u00e9s regul\u00e1veis, a altura pode ser ajustada entre 93 e 103 mm.<br \/>\n(****) (Exemplo: esteira de roletes) pode ser colocado sobre a plataforma, na f\u00e1brica Toledo ou por t\u00e9cnico autorizado, sem diminuir a capacidade nominal de pesagem.<\/td>\n<\/tr>\n<\/tbody>\n<\/table>\n<h3>Opcionais<\/h3>\n<ul class=\"listaGeral\">\n<li class=\"firstc\">Rampas de acesso.<\/li>\n<li>Pedestal para indicadores de peso.<\/li>\n<li>Plataforma de chapa lisa.<\/li>\n<li>Coberturas sobrepostas de a\u00e7o inox.<\/li>\n<li class=\"lastc\">Kit para instala\u00e7\u00e3o da plataforma em po\u00e7o.<\/li>\n<\/ul>\n<\/article>\n<\/article>\n","protected":false},"excerpt":{"rendered":"<p>Destinada \u00e0 pesagem de cargas depositadas na plataforma por empilhadeira, carrinho ou outro equipamento auxiliar e \u00e0 contagem de pe\u00e7as, a Balan\u00e7a Eletr\u00f4nica 2180 Port\u00e1til \u00e9<span class=\"excerpt-hellip\"> [\u2026]<\/span><\/p>\n","protected":false},"featured_media":3400,"comment_status":"open","ping_status":"closed","template":"","meta":{"_joinchat":[]},"product_brand":[],"product_cat":[62,65,63,47,48,66],"product_tag":[],"class_list":{"0":"post-3399","1":"product","2":"type-product","3":"status-publish","4":"has-post-thumbnail","6":"product_cat-classes-de-produtos","7":"product_cat-balacas-para-empresas-de-engenharia","8":"product_cat-balancas-industriais","9":"product_cat-marcas","10":"product_cat-toledo-do-brasil","11":"product_cat-balancas-para-transporte-e-logistica","12":"pa_capacidade-250kg-a-500kg","13":"pa_capacidade-750kg-a-1t","15":"first","16":"instock","17":"shipping-taxable","18":"product-type-simple"},"_links":{"self":[{"href":"https:\/\/mblbalancas.com.br\/site\/wp-json\/wp\/v2\/product\/3399","targetHints":{"allow":["GET"]}}],"collection":[{"href":"https:\/\/mblbalancas.com.br\/site\/wp-json\/wp\/v2\/product"}],"about":[{"href":"https:\/\/mblbalancas.com.br\/site\/wp-json\/wp\/v2\/types\/product"}],"replies":[{"embeddable":true,"href":"https:\/\/mblbalancas.com.br\/site\/wp-json\/wp\/v2\/comments?post=3399"}],"wp:featuredmedia":[{"embeddable":true,"href":"https:\/\/mblbalancas.com.br\/site\/wp-json\/wp\/v2\/media\/3400"}],"wp:attachment":[{"href":"https:\/\/mblbalancas.com.br\/site\/wp-json\/wp\/v2\/media?parent=3399"}],"wp:term":[{"taxonomy":"product_brand","embeddable":true,"href":"https:\/\/mblbalancas.com.br\/site\/wp-json\/wp\/v2\/product_brand?post=3399"},{"taxonomy":"product_cat","embeddable":true,"href":"https:\/\/mblbalancas.com.br\/site\/wp-json\/wp\/v2\/product_cat?post=3399"},{"taxonomy":"product_tag","embeddable":true,"href":"https:\/\/mblbalancas.com.br\/site\/wp-json\/wp\/v2\/product_tag?post=3399"}],"curies":[{"name":"wp","href":"https:\/\/api.w.org\/{rel}","templated":true}]}}