{"id":3401,"date":"2015-01-10T10:07:35","date_gmt":"2015-01-10T12:07:35","guid":{"rendered":"https:\/\/mblbalancas.com.br\/site\/?post_type=product&#038;p=3401"},"modified":"2015-01-10T10:07:35","modified_gmt":"2015-01-10T12:07:35","slug":"balanca-toledo-2198-2198c-e-2198ct","status":"publish","type":"product","link":"https:\/\/mblbalancas.com.br\/site\/produto\/balanca-toledo-2198-2198c-e-2198ct\/","title":{"rendered":"Balan\u00e7a Toledo 2198, 2198C e 2198CT"},"content":{"rendered":"<p>As balan\u00e7as eletr\u00f4nicas 2198, 2198C e 2198CT s\u00e3o de f\u00e1cil e seguro transporte para outros locais, com instala\u00e7\u00e3o feita pelo pr\u00f3prio usu\u00e1rio. Atende-se, assim, a diversas aplica\u00e7\u00f5es dentro da ind\u00fastria e do com\u00e9rcio. Destinadas \u00e0 pesagem de cargas na plataforma por empilhadeira, carrinho ou outro equipamento auxiliar. Permitem tamb\u00e9m a contagem de pe\u00e7as ou verifica\u00e7\u00e3o de sobra ou falta de produtos.<\/p>\n<p>Operando com indicador digital 9098, 9098C ou 9098CT, distante da plataforma, o usu\u00e1rio tem a balan\u00e7a totalmente livre, possibilitando o acesso multidirecional de cargas, o que facilita e d\u00e1 maior velocidade \u00e0s opera\u00e7\u00f5es.<\/p>\n<p>&nbsp;<\/p>\n<article>\n<h3>Caracter\u00edsticas e Benef\u00edcios<\/h3>\n<h4>Funcionalidades<\/h4>\n<ul class=\"listaGeral\">\n<li class=\"firstc\">O design da plataforma, de perfil ultrabaixo, facilita e reduz os esfor\u00e7os do operador nos processos de carga e descarga da plataforma;<\/li>\n<li>A utiliza\u00e7\u00e3o de c\u00e9lulas de carga resistentes \u00e0 umidade proporciona precis\u00e3o, velocidade e confiabilidade nas pesagens,al\u00e9m de reduzir o custo de manuten\u00e7\u00e3o;<\/li>\n<li class=\"lastc\">Admite cargas concentradas de at\u00e9 80% da capacidade m\u00e1xima da balan\u00e7a, em cada faixa transversal da plataforma.<\/li>\n<\/ul>\n<h4>Aplica\u00e7\u00f5es<\/h4>\n<div class=\"principal\">\n<ul class=\"listaGeral firstc\">\n<li class=\"firstc\">Pesagem simples (2198).<\/li>\n<li>Pesagem e contagem de pe\u00e7as (2198C).<\/li>\n<li>Verifica\u00e7\u00e3o de sobra ou falta de produtos (2198C).<\/li>\n<li>Verifica\u00e7\u00e3o de sobra ou falta de produtos (2198C).<\/li>\n<li>Conectividade com MGV Toledo (2198C) ou MWS Toledo (2198CT) e PC (2198 e 2198C).<\/li>\n<li>Plataforma livre para acesso multidirecional de cargas.<\/li>\n<li>Mudan\u00e7a constante do local.<\/li>\n<li class=\"lastc\">Bateria com autonomia de at\u00e9 30h (2198C e 2198CT).<\/li>\n<\/ul>\n<\/div>\n<h4>Benef\u00edcios<\/h4>\n<ul class=\"listaGeral\">\n<li class=\"firstc\">Portabilidade.<\/li>\n<li>Robustez e durabilidade.<\/li>\n<li>Baixo custo de instala\u00e7\u00e3o e manuten\u00e7\u00e3o.<\/li>\n<li class=\"lastc\">Rede de assist\u00eancia t\u00e9cnica pr\u00f3pria em todo o Brasil.<\/li>\n<\/ul>\n<h4>Caracter\u00edsticas t\u00e9cnicas<\/h4>\n<ul class=\"listaGeral\">\n<li class=\"firstc\">Equipada com p\u00e9s regul\u00e1veis.<\/li>\n<li>Plataforma: chapa xadrez de a\u00e7o SAE-1020.<\/li>\n<li>C\u00e9lulas de carga: a\u00e7o. Perfil baixo. Grau de prote\u00e7\u00e3o IP-68.<\/li>\n<li class=\"lastc\">Altura piso\/topo da plataforma: 93 a 103 mm.<\/li>\n<\/ul>\n<h4>Opcionais<\/h4>\n<ul class=\"listaGeral\">\n<li class=\"firstc\">Rampas de acesso.<\/li>\n<li>Pedestal para indicadores de peso.<\/li>\n<li>Plataforma de chapa lisa.<\/li>\n<li>Coberturas sobrepostas de a\u00e7o inox.<\/li>\n<li class=\"lastc\">Kit para instala\u00e7\u00e3o da plataforma em po\u00e7o.<\/li>\n<\/ul>\n<h3>Especifica\u00e7\u00f5es T\u00e9cnicas<\/h3>\n<table class=\"padrao\" border=\"0\" cellspacing=\"0\" cellpadding=\"0\">\n<tbody>\n<tr>\n<td class=\"tabLinhaAzul00 linhaVerde lastc firstc\" colspan=\"4\">CAPACIDADES E PLATAFORMAS<\/td>\n<\/tr>\n<tr>\n<td class=\"tabLinhaAzul01 firstc\">Pesagem* (kg x g)<\/td>\n<td class=\"tabLinhaAzul01\">Sensibilidade de contagem** (g)<\/td>\n<td class=\"tabLinhaAzul01\">Plataforma*** (m)<\/td>\n<td class=\"tabLinhaAzul01 lastc\">Peso adicional m\u00e1ximo**** (kg)<\/td>\n<\/tr>\n<tr>\n<td class=\"tabLinhaVerde01 firstc\" rowspan=\"4\">250 x 50<\/td>\n<td class=\"tabLinhaVerde01\" rowspan=\"4\">5<\/td>\n<td class=\"tabLinhaVerde01\">0,80 x 0,80<\/td>\n<td class=\"tabLinhaVerde01 lastc\">232<\/td>\n<\/tr>\n<tr>\n<td class=\"tabLinhaVerde01 firstc\">1,00 x 1,00<\/td>\n<td class=\"tabLinhaVerde01 lastc\">200<\/td>\n<\/tr>\n<tr>\n<td class=\"tabLinhaVerde01 firstc\">1,20 x 1,20<\/td>\n<td class=\"tabLinhaVerde01 lastc\">160<\/td>\n<\/tr>\n<tr>\n<td class=\"tabLinhaVerde01 firstc\">1,50 x 1,50<\/td>\n<td class=\"tabLinhaVerde01 lastc\">64<\/td>\n<\/tr>\n<tr>\n<td class=\"tabLinhaVerde02 firstc\" rowspan=\"4\">500 x 100<\/td>\n<td class=\"tabLinhaVerde02\" rowspan=\"4\">10<\/td>\n<td class=\"tabLinhaVerde02\">0,80 x 0,80<\/td>\n<td class=\"tabLinhaVerde02 lastc\">910<\/td>\n<\/tr>\n<tr>\n<td class=\"tabLinhaVerde02 firstc\">1,00 x 1,00<\/td>\n<td class=\"tabLinhaVerde02 lastc\">874<\/td>\n<\/tr>\n<tr>\n<td class=\"tabLinhaVerde02 firstc\">1,20 x 1,20<\/td>\n<td class=\"tabLinhaVerde02 lastc\">834<\/td>\n<\/tr>\n<tr>\n<td class=\"tabLinhaVerde02 firstc\">1,50 x 1,50<\/td>\n<td class=\"tabLinhaVerde02 lastc\">742<\/td>\n<\/tr>\n<tr>\n<td class=\"tabLinhaVerde01 firstc\" rowspan=\"3\">1000 x 200<\/td>\n<td class=\"tabLinhaVerde01\" rowspan=\"3\">20<\/td>\n<td class=\"tabLinhaVerde01\">1,00 x 1,00<\/td>\n<td class=\"tabLinhaVerde01 lastc\">250<\/td>\n<\/tr>\n<tr>\n<td class=\"tabLinhaVerde01 firstc\">1,20 x 1,20<\/td>\n<td class=\"tabLinhaVerde01 lastc\">210<\/td>\n<\/tr>\n<tr>\n<td class=\"tabLinhaVerde01 firstc\">1,50 x 1,50<\/td>\n<td class=\"tabLinhaVerde01 lastc\">118<\/td>\n<\/tr>\n<tr>\n<td class=\"tabLinhaVerde02 firstc\" rowspan=\"3\">1500 x 500<\/td>\n<td class=\"tabLinhaVerde02\" rowspan=\"3\">50<\/td>\n<td class=\"tabLinhaVerde02\">1,00 x 1,00<\/td>\n<td class=\"tabLinhaVerde02 lastc\">250<\/td>\n<\/tr>\n<tr>\n<td class=\"tabLinhaVerde02 firstc\">1,20 x 1,20<\/td>\n<td class=\"tabLinhaVerde02 lastc\">210<\/td>\n<\/tr>\n<tr>\n<td class=\"tabLinhaVerde02 firstc\">1,50 x 1,50<\/td>\n<td class=\"tabLinhaVerde02 lastc\">118<\/td>\n<\/tr>\n<tr>\n<td class=\"tabLinhaVerde01 firstc\">2500 x 500<\/td>\n<td class=\"tabLinhaVerde01\">50<\/td>\n<td class=\"tabLinhaVerde01\">1,50 x 1,50<\/td>\n<td class=\"tabLinhaVerde01 lastc\">&#8211;<\/td>\n<\/tr>\n<tr>\n<td class=\"tabLinhaVerde02 firstc\">3000 x 1000<\/td>\n<td class=\"tabLinhaVerde02\">100<\/td>\n<td class=\"tabLinhaVerde02\">1,50 x 1,50<\/td>\n<td class=\"tabLinhaVerde02 lastc\">&#8211;<\/td>\n<\/tr>\n<\/tbody>\n<\/table>\n<\/article>\n","protected":false},"excerpt":{"rendered":"<p>As balan\u00e7as eletr\u00f4nicas 2198, 2198C e 2198CT s\u00e3o de f\u00e1cil e seguro transporte para outros locais, com instala\u00e7\u00e3o feita pelo pr\u00f3prio usu\u00e1rio. Atende-se, assim, a diversas<span class=\"excerpt-hellip\"> [\u2026]<\/span><\/p>\n","protected":false},"featured_media":3402,"comment_status":"open","ping_status":"closed","template":"","meta":{"_joinchat":[]},"product_brand":[],"product_cat":[62,65,63,47,48,66],"product_tag":[],"class_list":{"0":"post-3401","1":"product","2":"type-product","3":"status-publish","4":"has-post-thumbnail","6":"product_cat-classes-de-produtos","7":"product_cat-balacas-para-empresas-de-engenharia","8":"product_cat-balancas-industriais","9":"product_cat-marcas","10":"product_cat-toledo-do-brasil","11":"product_cat-balancas-para-transporte-e-logistica","12":"pa_capacidade-250kg-a-500kg","13":"pa_capacidade-1t-a-5t","15":"first","16":"instock","17":"shipping-taxable","18":"product-type-simple"},"_links":{"self":[{"href":"https:\/\/mblbalancas.com.br\/site\/wp-json\/wp\/v2\/product\/3401","targetHints":{"allow":["GET"]}}],"collection":[{"href":"https:\/\/mblbalancas.com.br\/site\/wp-json\/wp\/v2\/product"}],"about":[{"href":"https:\/\/mblbalancas.com.br\/site\/wp-json\/wp\/v2\/types\/product"}],"replies":[{"embeddable":true,"href":"https:\/\/mblbalancas.com.br\/site\/wp-json\/wp\/v2\/comments?post=3401"}],"wp:featuredmedia":[{"embeddable":true,"href":"https:\/\/mblbalancas.com.br\/site\/wp-json\/wp\/v2\/media\/3402"}],"wp:attachment":[{"href":"https:\/\/mblbalancas.com.br\/site\/wp-json\/wp\/v2\/media?parent=3401"}],"wp:term":[{"taxonomy":"product_brand","embeddable":true,"href":"https:\/\/mblbalancas.com.br\/site\/wp-json\/wp\/v2\/product_brand?post=3401"},{"taxonomy":"product_cat","embeddable":true,"href":"https:\/\/mblbalancas.com.br\/site\/wp-json\/wp\/v2\/product_cat?post=3401"},{"taxonomy":"product_tag","embeddable":true,"href":"https:\/\/mblbalancas.com.br\/site\/wp-json\/wp\/v2\/product_tag?post=3401"}],"curies":[{"name":"wp","href":"https:\/\/api.w.org\/{rel}","templated":true}]}}