{"id":3482,"date":"2015-01-21T09:47:09","date_gmt":"2015-01-21T11:47:09","guid":{"rendered":"https:\/\/mblbalancas.com.br\/site\/?post_type=product&#038;p=3482"},"modified":"2015-01-21T09:47:09","modified_gmt":"2015-01-21T11:47:09","slug":"balanca-toledo-pediatrica-junior","status":"publish","type":"product","link":"https:\/\/mblbalancas.com.br\/site\/produto\/balanca-toledo-pediatrica-junior\/","title":{"rendered":"Balan\u00e7a Toledo Pedi\u00e1trica Junior"},"content":{"rendered":"<h3><strong>Balan\u00e7a Eletr\u00f4nica para Pesar Beb\u00eas<\/strong><\/h3>\n<p>Projetada para pesagens r\u00e1pidas, simples e confi\u00e1veis de beb\u00eas.<\/p>\n<p>As balan\u00e7as eletr\u00f4nicas para pesar pessoas da Toledo foram cuidadosamente desenvolvidas para a pesagem de adultos, crian\u00e7as, beb\u00eas e rec\u00e9m-nascidos.<\/p>\n<p>A combina\u00e7\u00e3o das suas cores e do seu design forma um conjunto leve e agrad\u00e1vel que agrega um alto valor est\u00e9tico a qualquer tipo de ambiente.<\/p>\n<p>Al\u00e9m disso, s\u00e3o pr\u00e1ticas, seguras e robustas, proporcionando leituras f\u00e1ceis e confiabilidade nas pesagens com baixa manuten\u00e7\u00e3o. S\u00e3o as vantagens em ter uma Balan\u00e7a Toledo.<\/p>\n<p>&nbsp;<\/p>\n<h3><strong>Acess\u00f3rios (Opcionais)<\/strong><\/h3>\n<ul>\n<li>Sa\u00edda para Impressora Matricial de Etiquetas Toledo.<\/li>\n<li>Sa\u00edda para liga\u00e7\u00e3o a computadores e outros perif\u00e9ricos<\/li>\n<\/ul>\n<p>&nbsp;<\/p>\n<h3><strong>Caracter\u00edsticas e Benef\u00edcios<\/strong><\/h3>\n<div class=\"colunaMaior\">\n<dl class=\"firstc\">\n<dt class=\"firstc\">Display de Excelente Visualiza\u00e7\u00e3o<\/dt>\n<dd class=\"lastc firstc\">Display LCD de 15 mm de altura, proporciona excelente visibilidade do peso com leituras r\u00e1pidas e sem erros.<\/dd>\n<\/dl>\n<dl>\n<dt>Zeragem autom\u00e1tica<\/dt>\n<dd class=\"lastc\">Mant\u00e9m a indica\u00e7\u00e3o em zero entre as pesagens, dispensando acionamentos manuais, o que agiliza e facilita as opera\u00e7\u00f5es.<\/dd>\n<\/dl>\n<dl>\n<dt>Prato Anat\u00f4mico Higieniz\u00e1vel e At\u00f3xico<\/dt>\n<dd class=\"lastc\">Atende \u00e0 norma EB-2082 de 1987 da Associa\u00e7\u00e3o Brasileira dos Fabricantes de Brinquedos e norma europ\u00e9ia EN71-3 de 1988 sobre migra\u00e7\u00e3o de elementos qu\u00edmicos em brinquedos, o que garante a seguran\u00e7a dos beb\u00eas.<\/dd>\n<\/dl>\n<dl class=\"lastc\">\n<dt>C\u00e1lculo Autom\u00e1tico do Peso do Beb\u00ea<\/dt>\n<dd class=\"lastc\">Permite descontar o peso de travesseiros, fraldas, cobertores, etc., al\u00e9m de facilitar o c\u00e1lculo de peso do beb\u00ea antes e depois da amamenta\u00e7\u00e3o.<\/dd>\n<dd class=\"lastc\"><\/dd>\n<\/dl>\n<h3><strong>Especifica\u00e7\u00f5es T\u00e9cnicas<\/strong><\/h3>\n<table class=\"padrao\" border=\"0\" summary=\"&lt;?= $produto['nome'] ?&gt; - Tabela de Especifica\u00e7\u00f5es T\u00e9cnicas\" cellspacing=\"0\" cellpadding=\"0\">\n<tbody>\n<tr>\n<th class=\"linhaVerde tabLinhaAzul00\" colspan=\"3\" align=\"center\">Especifica\u00e7\u00f5es<\/th>\n<\/tr>\n<tr>\n<td class=\"tabLinhaAzul01 firstc\" width=\"29%\">Capacidade<\/td>\n<td class=\"tabLinhaVerde01 lastc\" colspan=\"2\">15 kg x 5 g<\/td>\n<\/tr>\n<tr>\n<td class=\"tabLinhaAzul02 firstc\" rowspan=\"3\" width=\"29%\">Display<\/td>\n<td class=\"tabLinhaVerde02\" width=\"27%\">Tipo<\/td>\n<td class=\"tabLinhaVerde02 lastc\" width=\"44%\">LCD &#8211; Cristal L\u00edquido<\/td>\n<\/tr>\n<tr>\n<td class=\"tabLinhaVerde02 firstc\">D\u00edgitos<\/td>\n<td class=\"tabLinhaVerde02 lastc\">6 d\u00edgitos<\/td>\n<\/tr>\n<tr>\n<td class=\"tabLinhaVerde02 firstc\">Tamanho<\/td>\n<td class=\"tabLinhaVerde02 lastc\">6,9 mm (L) x 15 mm (A)<\/td>\n<\/tr>\n<tr>\n<td class=\"tabLinhaAzul01 firstc\">Temperatura<\/td>\n<td class=\"tabLinhaVerde01 lastc\" colspan=\"2\">-10\u00b0C a 40\u00b0C<\/td>\n<\/tr>\n<tr>\n<td class=\"tabLinhaAzul02 firstc\">Umidade Relativa<\/td>\n<td class=\"tabLinhaVerde02 lastc\" colspan=\"2\">10% a 95% sem condensa\u00e7\u00e3o<\/td>\n<\/tr>\n<tr>\n<td class=\"tabLinhaAzul01 firstc\" rowspan=\"2\">Adaptador AC<\/td>\n<td class=\"tabLinhaVerde01\">Entrada<\/td>\n<td class=\"tabLinhaVerde01 lastc\">Ajust\u00e1vel &#8211; 110V CA \/ 220 VCA( -15% \/ +10% e 50Hz \/ 60Hz )<\/td>\n<\/tr>\n<tr>\n<td class=\"tabLinhaVerde01 firstc\">Sa\u00edda<\/td>\n<td class=\"tabLinhaVerde01 lastc\">13 VCC ( \u00b15% ) &#8211; 85 mA<\/td>\n<\/tr>\n<tr>\n<td class=\"tabLinhaAzul02 firstc\">Consumo<\/td>\n<td class=\"tabLinhaVerde02 lastc\" colspan=\"2\">0,8 W &#8211; 2,3 W<\/td>\n<\/tr>\n<tr>\n<td class=\"tabLinhaAzul01 firstc\">Gabinete<\/td>\n<td class=\"tabLinhaVerde01 lastc\" colspan=\"2\">Pl\u00e1stico tipo ABS branco.<\/td>\n<\/tr>\n<tr>\n<td class=\"tabLinhaAzul02 firstc\" rowspan=\"2\">Dimens\u00f5es<\/td>\n<td class=\"tabLinhaVerde02\">Prato<\/td>\n<td class=\"tabLinhaVerde02 lastc\">580 mm (L) x 108 mm (A) x 315 mm (P)<\/td>\n<\/tr>\n<tr>\n<td class=\"tabLinhaVerde02 firstc\">Balan\u00e7a<\/td>\n<td class=\"tabLinhaVerde02 lastc\">70 mm (L) x 110 mm (A) x 360 mm (P)<\/td>\n<\/tr>\n<tr>\n<td class=\"tabLinhaAzul01 firstc\">Peso<\/td>\n<td class=\"tabLinhaVerde01 lastc\" colspan=\"2\">4,9 kg e 8,6 kg embalada<\/td>\n<\/tr>\n<tr>\n<td class=\"tabLinhaAzul02 firstc\" rowspan=\"2\">Aprova\u00e7\u00e3o<\/td>\n<td class=\"tabLinhaVerde02\">Portaria<\/td>\n<td class=\"tabLinhaVerde02 lastc\">INMETRO 236 \/ 94<\/td>\n<\/tr>\n<tr>\n<td class=\"tabLinhaVerde02 firstc\">Classe<\/td>\n<td class=\"tabLinhaVerde02 lastc\">Classe de Exatid\u00e3o<\/td>\n<\/tr>\n<\/tbody>\n<\/table>\n<\/div>\n","protected":false},"excerpt":{"rendered":"<p>Balan\u00e7a Eletr\u00f4nica para Pesar Beb\u00eas Projetada para pesagens r\u00e1pidas, simples e confi\u00e1veis de beb\u00eas. As balan\u00e7as eletr\u00f4nicas para pesar pessoas da Toledo foram cuidadosamente desenvolvidas para<span class=\"excerpt-hellip\"> [\u2026]<\/span><\/p>\n","protected":false},"featured_media":3483,"comment_status":"open","ping_status":"closed","template":"","meta":{"_joinchat":[]},"product_brand":[],"product_cat":[62,47,68,48],"product_tag":[],"class_list":{"0":"post-3482","1":"product","2":"type-product","3":"status-publish","4":"has-post-thumbnail","6":"product_cat-classes-de-produtos","7":"product_cat-marcas","8":"product_cat-balancas-para-saude-e-educacao","9":"product_cat-toledo-do-brasil","10":"pa_capacidade-10kg-a-15kg","12":"first","13":"instock","14":"shipping-taxable","15":"product-type-simple"},"_links":{"self":[{"href":"https:\/\/mblbalancas.com.br\/site\/wp-json\/wp\/v2\/product\/3482","targetHints":{"allow":["GET"]}}],"collection":[{"href":"https:\/\/mblbalancas.com.br\/site\/wp-json\/wp\/v2\/product"}],"about":[{"href":"https:\/\/mblbalancas.com.br\/site\/wp-json\/wp\/v2\/types\/product"}],"replies":[{"embeddable":true,"href":"https:\/\/mblbalancas.com.br\/site\/wp-json\/wp\/v2\/comments?post=3482"}],"wp:featuredmedia":[{"embeddable":true,"href":"https:\/\/mblbalancas.com.br\/site\/wp-json\/wp\/v2\/media\/3483"}],"wp:attachment":[{"href":"https:\/\/mblbalancas.com.br\/site\/wp-json\/wp\/v2\/media?parent=3482"}],"wp:term":[{"taxonomy":"product_brand","embeddable":true,"href":"https:\/\/mblbalancas.com.br\/site\/wp-json\/wp\/v2\/product_brand?post=3482"},{"taxonomy":"product_cat","embeddable":true,"href":"https:\/\/mblbalancas.com.br\/site\/wp-json\/wp\/v2\/product_cat?post=3482"},{"taxonomy":"product_tag","embeddable":true,"href":"https:\/\/mblbalancas.com.br\/site\/wp-json\/wp\/v2\/product_tag?post=3482"}],"curies":[{"name":"wp","href":"https:\/\/api.w.org\/{rel}","templated":true}]}}